{"id":7117,"date":"2025-11-19T10:44:14","date_gmt":"2025-11-19T09:44:14","guid":{"rendered":"https:\/\/ds4mmed.uv.es\/?page_id=7117"},"modified":"2025-11-26T10:15:03","modified_gmt":"2025-11-26T09:15:03","slug":"ds4m-mediterraneo-primera-reunio-regional-america-llatina","status":"publish","type":"page","link":"https:\/\/ds4mmed.uv.es\/index.php\/ca\/ds4m-mediterraneo-primera-reunio-regional-america-llatina\/","title":{"rendered":"Noticia 2 &#8211; La digitalitzaci\u00f3 i la innovaci\u00f3 dels sistemes de transport: Representants del projecte DS4M Mediterr\u00e1neo presents en la Primera Reuni\u00f3 Regional per a Am\u00e8rica Llatina"},"content":{"rendered":"\t\t<div data-elementor-type=\"wp-page\" data-elementor-id=\"7117\" class=\"elementor elementor-7117\">\n\t\t\t\t<div class=\"elementor-element elementor-element-6c62525 e-flex e-con-boxed e-con e-child\" data-id=\"6c62525\" data-element_type=\"container\" data-e-type=\"container\" data-settings=\"{&quot;background_background&quot;:&quot;classic&quot;}\">\n\t\t\t\t\t<div class=\"e-con-inner\">\n\t\t<div class=\"elementor-element elementor-element-6debc5d e-con-full e-flex e-con e-child\" data-id=\"6debc5d\" data-element_type=\"container\" data-e-type=\"container\">\n\t\t<div class=\"elementor-element elementor-element-3b5bf26 e-con-full e-flex elementor-invisible e-con e-child\" data-id=\"3b5bf26\" data-element_type=\"container\" data-e-type=\"container\" data-settings=\"{&quot;animation&quot;:&quot;fadeInLeft&quot;}\">\n\t\t\t\t<div class=\"elementor-element elementor-element-da9e6f3 elementor-widget elementor-widget-heading\" data-id=\"da9e6f3\" data-element_type=\"widget\" data-e-type=\"widget\" data-widget_type=\"heading.default\">\n\t\t\t\t\t<h1 class=\"elementor-heading-title elementor-size-default\">La digitalitzaci\u00f3 i la innovaci\u00f3 dels sistemes de transport: Representants del projecte DS4M Mediterr\u00e1neo presents en la Primera Reuni\u00f3 Regional per a Am\u00e8rica Llatina<\/h1>\t\t\t\t<\/div>\n\t\t\t\t<div class=\"elementor-element elementor-element-e2a4a87 elementor-icon-list--layout-inline elementor-align-center elementor-list-item-link-full_width elementor-widget elementor-widget-icon-list\" data-id=\"e2a4a87\" data-element_type=\"widget\" data-e-type=\"widget\" data-widget_type=\"icon-list.default\">\n\t\t\t\t\t\t\t<ul class=\"elementor-icon-list-items elementor-inline-items\">\n\t\t\t\t\t\t\t<li class=\"elementor-icon-list-item elementor-inline-item\">\n\t\t\t\t\t\t\t\t\t\t<span class=\"elementor-icon-list-text\">Publicat el 7 de novembre de 2024<\/span>\n\t\t\t\t\t\t\t\t\t<\/li>\n\t\t\t\t\t\t<\/ul>\n\t\t\t\t\t\t<\/div>\n\t\t\t\t<\/div>\n\t\t\t\t<div class=\"elementor-element elementor-element-89ea136 elementor-invisible elementor-widget elementor-widget-image\" data-id=\"89ea136\" data-element_type=\"widget\" data-e-type=\"widget\" data-settings=\"{&quot;_animation&quot;:&quot;fadeInRight&quot;}\" data-widget_type=\"image.default\">\n\t\t\t\t\t\t\t\t\t\t\t\t\t\t\t<img fetchpriority=\"high\" decoding=\"async\" width=\"857\" height=\"599\" src=\"https:\/\/ds4mmed.uv.es\/wp-content\/uploads\/2025\/11\/Noticia25.png\" class=\"attachment-full size-full wp-image-3713\" alt=\"\" srcset=\"https:\/\/ds4mmed.uv.es\/wp-content\/uploads\/2025\/11\/Noticia25.png 857w, https:\/\/ds4mmed.uv.es\/wp-content\/uploads\/2025\/11\/Noticia25-300x210.png 300w, https:\/\/ds4mmed.uv.es\/wp-content\/uploads\/2025\/11\/Noticia25-768x537.png 768w\" sizes=\"(max-width: 857px) 100vw, 857px\" \/>\t\t\t\t\t\t\t\t\t\t\t\t\t\t\t<\/div>\n\t\t\t\t<\/div>\n\t\t<div class=\"elementor-element elementor-element-aac12f8 e-con-full e-flex elementor-invisible e-con e-child\" data-id=\"aac12f8\" data-element_type=\"container\" data-e-type=\"container\" data-settings=\"{&quot;animation&quot;:&quot;fadeInUp&quot;}\">\n\t\t\t\t<div class=\"elementor-element elementor-element-0c8df65 elementor-widget__width-initial elementor-widget-mobile__width-inherit elementor-widget-tablet__width-inherit elementor-widget elementor-widget-text-editor\" data-id=\"0c8df65\" data-element_type=\"widget\" data-e-type=\"widget\" data-widget_type=\"text-editor.default\">\n\t\t\t\t\t\t\t\t\t<div class=\"ewa-rteLine\">\n<p data-start=\"210\" data-end=\"373\">El Dr. Francisco Alonso, director de l\u2019INTRAS, ha participat en la Primera Reuni\u00f3 Regional per a Am\u00e8rica Llatina, celebrada del 5 al 7 de novembre de 2024 a M\u00e8xic.<\/p>\n<p data-start=\"375\" data-end=\"641\">Durant la trobada, el Dr. Alonso va presentar l\u2019estudi sobre la \u201cLlic\u00e8ncia per punts\u201d, desenvolupat juntament amb la Fundaci\u00f3 Ale\u00e1tica, que va donar lloc a un taller centrat en la import\u00e0ncia d\u2019aquest sistema com a ferramenta clau per a millorar la seguretat vi\u00e0ria.<\/p>\n<p data-start=\"643\" data-end=\"964\">Organitzada per la <em data-start=\"662\" data-end=\"703\">Global Alliance of NGOs for Road Safety<\/em>, la reuni\u00f3 va abordar els desafiaments m\u00e9s urgents que afronta la comunitat de seguretat vi\u00e0ria a Am\u00e8rica Llatina, amb el prop\u00f2sit d\u2019enfortir la xarxa de l\u2019Alian\u00e7a i el seu cap\u00edtol regional, promovent una acci\u00f3 coordinada entre les organitzacions participants.<\/p>\n<p data-start=\"966\" data-end=\"1272\">Aix\u00ed mateix, es va informar als assistents sobre la participaci\u00f3 de l\u2019INTRAS en el nou projecte DS4M Mediterr\u00e1neo, una iniciativa revolucion\u00e0ria pel que fa a la gesti\u00f3 de dades en el Corredor Mediterrani, orientada a impulsar la cooperaci\u00f3 i la innovaci\u00f3 en l\u2019\u00e0mbit dels sistemes intel\u00b7ligents de transport.<\/p>\n<p data-start=\"1274\" data-end=\"1558\" data-is-last-node=\"\" data-is-only-node=\"\">La trobada tamb\u00e9 va servir per a mobilitzar les ONG de la regi\u00f3 de cara a la pr\u00f2xima Confer\u00e8ncia Ministerial Mundial, amb l\u2019objectiu de reclamar una inversi\u00f3 adequada que permeta implementar intervencions centrades en les persones i basades en l\u2019evid\u00e8ncia cient\u00edfica per salvar vides.<\/p>\n<\/div>\t\t\t\t\t\t\t\t<\/div>\n\t\t\t\t<\/div>\n\t\t\t\t\t<\/div>\n\t\t\t\t<\/div>\n\t\t\t\t<\/div>\n\t\t","protected":false},"excerpt":{"rendered":"<p>La digitalitzaci\u00f3 i la innovaci\u00f3 dels sistemes de transport: Representants del projecte DS4M Mediterr\u00e1neo presents en la Primera Reuni\u00f3 Regional per a Am\u00e8rica Llatina Publicat el 7 de novembre de 2024 El Dr. Francisco Alonso, director de l\u2019INTRAS, ha participat en la Primera Reuni\u00f3 Regional per a Am\u00e8rica Llatina, celebrada del 5 al 7 de [&hellip;]<\/p>\n","protected":false},"author":1,"featured_media":0,"parent":0,"menu_order":0,"comment_status":"closed","ping_status":"closed","template":"","meta":{"footnotes":""},"class_list":["post-7117","page","type-page","status-publish","hentry"],"yoast_head":"<!-- This site is optimized with the Yoast SEO plugin v27.4 - https:\/\/yoast.com\/product\/yoast-seo-wordpress\/ -->\n<title>DS4M Mediterr\u00e1neo \u2013 Participaci\u00f3 en la Primera Reuni\u00f3 Regional per a Am\u00e8rica Llatina<\/title>\n<meta name=\"description\" content=\"El projecte DS4M Mediterr\u00e1neo \u00e9s present a la Primera Reuni\u00f3 Regional per a Am\u00e8rica Llatina, on l\u2019INTRAS va exposar els avan\u00e7os en seguretat vi\u00e0ria i va presentar la iniciativa de digitalitzaci\u00f3 de dades de mobilitat al Corredor Mediterrani.\" \/>\n<meta name=\"robots\" content=\"index, follow, max-snippet:-1, max-image-preview:large, max-video-preview:-1\" \/>\n<link rel=\"canonical\" href=\"https:\/\/ds4mmed.uv.es\/index.php\/ca\/ds4m-mediterraneo-primera-reunio-regional-america-llatina\/\" \/>\n<meta property=\"og:locale\" content=\"es_ES\" \/>\n<meta property=\"og:type\" content=\"article\" \/>\n<meta property=\"og:title\" content=\"DS4M Mediterr\u00e1neo \u2013 Participaci\u00f3 en la Primera Reuni\u00f3 Regional per a Am\u00e8rica Llatina\" \/>\n<meta property=\"og:description\" content=\"El projecte DS4M Mediterr\u00e1neo \u00e9s present a la Primera Reuni\u00f3 Regional per a Am\u00e8rica Llatina, on l\u2019INTRAS va exposar els avan\u00e7os en seguretat vi\u00e0ria i va presentar la iniciativa de digitalitzaci\u00f3 de dades de mobilitat al Corredor Mediterrani.\" \/>\n<meta property=\"og:url\" content=\"https:\/\/ds4mmed.uv.es\/index.php\/ca\/ds4m-mediterraneo-primera-reunio-regional-america-llatina\/\" \/>\n<meta property=\"og:site_name\" content=\"DS4M Mediterr\u00e1neo\" \/>\n<meta property=\"article:modified_time\" content=\"2025-11-26T09:15:03+00:00\" \/>\n<meta property=\"og:image\" content=\"https:\/\/ds4mmed.uv.es\/wp-content\/uploads\/2025\/11\/Noticia25.png\" \/>\n<meta name=\"twitter:card\" content=\"summary_large_image\" \/>\n<meta name=\"twitter:label1\" content=\"Tiempo de lectura\" \/>\n\t<meta name=\"twitter:data1\" content=\"2 minutos\" \/>\n<script type=\"application\/ld+json\" class=\"yoast-schema-graph\">{\"@context\":\"https:\\\/\\\/schema.org\",\"@graph\":[{\"@type\":\"WebPage\",\"@id\":\"https:\\\/\\\/ds4mmed.uv.es\\\/index.php\\\/ca\\\/ds4m-mediterraneo-primera-reunio-regional-america-llatina\\\/\",\"url\":\"https:\\\/\\\/ds4mmed.uv.es\\\/index.php\\\/ca\\\/ds4m-mediterraneo-primera-reunio-regional-america-llatina\\\/\",\"name\":\"DS4M Mediterr\u00e1neo \u2013 Participaci\u00f3 en la Primera Reuni\u00f3 Regional per a Am\u00e8rica Llatina\",\"isPartOf\":{\"@id\":\"https:\\\/\\\/ds4mmed.uv.es\\\/#website\"},\"primaryImageOfPage\":{\"@id\":\"https:\\\/\\\/ds4mmed.uv.es\\\/index.php\\\/ca\\\/ds4m-mediterraneo-primera-reunio-regional-america-llatina\\\/#primaryimage\"},\"image\":{\"@id\":\"https:\\\/\\\/ds4mmed.uv.es\\\/index.php\\\/ca\\\/ds4m-mediterraneo-primera-reunio-regional-america-llatina\\\/#primaryimage\"},\"thumbnailUrl\":\"https:\\\/\\\/ds4mmed.uv.es\\\/wp-content\\\/uploads\\\/2025\\\/11\\\/Noticia25.png\",\"datePublished\":\"2025-11-19T09:44:14+00:00\",\"dateModified\":\"2025-11-26T09:15:03+00:00\",\"description\":\"El projecte DS4M Mediterr\u00e1neo \u00e9s present a la Primera Reuni\u00f3 Regional per a Am\u00e8rica Llatina, on l\u2019INTRAS va exposar els avan\u00e7os en seguretat vi\u00e0ria i va presentar la iniciativa de digitalitzaci\u00f3 de dades de mobilitat al Corredor Mediterrani.\",\"breadcrumb\":{\"@id\":\"https:\\\/\\\/ds4mmed.uv.es\\\/index.php\\\/ca\\\/ds4m-mediterraneo-primera-reunio-regional-america-llatina\\\/#breadcrumb\"},\"inLanguage\":\"es\",\"potentialAction\":[{\"@type\":\"ReadAction\",\"target\":[\"https:\\\/\\\/ds4mmed.uv.es\\\/index.php\\\/ca\\\/ds4m-mediterraneo-primera-reunio-regional-america-llatina\\\/\"]}]},{\"@type\":\"ImageObject\",\"inLanguage\":\"es\",\"@id\":\"https:\\\/\\\/ds4mmed.uv.es\\\/index.php\\\/ca\\\/ds4m-mediterraneo-primera-reunio-regional-america-llatina\\\/#primaryimage\",\"url\":\"https:\\\/\\\/ds4mmed.uv.es\\\/wp-content\\\/uploads\\\/2025\\\/11\\\/Noticia25.png\",\"contentUrl\":\"https:\\\/\\\/ds4mmed.uv.es\\\/wp-content\\\/uploads\\\/2025\\\/11\\\/Noticia25.png\",\"width\":857,\"height\":599},{\"@type\":\"BreadcrumbList\",\"@id\":\"https:\\\/\\\/ds4mmed.uv.es\\\/index.php\\\/ca\\\/ds4m-mediterraneo-primera-reunio-regional-america-llatina\\\/#breadcrumb\",\"itemListElement\":[{\"@type\":\"ListItem\",\"position\":1,\"name\":\"Portada\",\"item\":\"https:\\\/\\\/ds4mmed.uv.es\\\/index.php\\\/es\\\/\"},{\"@type\":\"ListItem\",\"position\":2,\"name\":\"Noticia 2 &#8211; La digitalitzaci\u00f3 i la innovaci\u00f3 dels sistemes de transport: Representants del projecte DS4M Mediterr\u00e1neo presents en la Primera Reuni\u00f3 Regional per a Am\u00e8rica Llatina\"}]},{\"@type\":\"WebSite\",\"@id\":\"https:\\\/\\\/ds4mmed.uv.es\\\/#website\",\"url\":\"https:\\\/\\\/ds4mmed.uv.es\\\/\",\"name\":\"DS4M Mediterr\u00e1neo\",\"description\":\"\",\"publisher\":{\"@id\":\"https:\\\/\\\/ds4mmed.uv.es\\\/#organization\"},\"potentialAction\":[{\"@type\":\"SearchAction\",\"target\":{\"@type\":\"EntryPoint\",\"urlTemplate\":\"https:\\\/\\\/ds4mmed.uv.es\\\/?s={search_term_string}\"},\"query-input\":{\"@type\":\"PropertyValueSpecification\",\"valueRequired\":true,\"valueName\":\"search_term_string\"}}],\"inLanguage\":\"es\"},{\"@type\":\"Organization\",\"@id\":\"https:\\\/\\\/ds4mmed.uv.es\\\/#organization\",\"name\":\"DS4M Mediterr\u00e1neo\",\"url\":\"https:\\\/\\\/ds4mmed.uv.es\\\/\",\"logo\":{\"@type\":\"ImageObject\",\"inLanguage\":\"es\",\"@id\":\"https:\\\/\\\/ds4mmed.uv.es\\\/#\\\/schema\\\/logo\\\/image\\\/\",\"url\":\"https:\\\/\\\/ds4mmed.uv.es\\\/wp-content\\\/uploads\\\/2025\\\/07\\\/Logo-cambio-resolucion-scaled.png\",\"contentUrl\":\"https:\\\/\\\/ds4mmed.uv.es\\\/wp-content\\\/uploads\\\/2025\\\/07\\\/Logo-cambio-resolucion-scaled.png\",\"width\":2560,\"height\":980,\"caption\":\"DS4M Mediterr\u00e1neo\"},\"image\":{\"@id\":\"https:\\\/\\\/ds4mmed.uv.es\\\/#\\\/schema\\\/logo\\\/image\\\/\"}}]}<\/script>\n<!-- \/ Yoast SEO plugin. -->","yoast_head_json":{"title":"DS4M Mediterr\u00e1neo \u2013 Participaci\u00f3 en la Primera Reuni\u00f3 Regional per a Am\u00e8rica Llatina","description":"El projecte DS4M Mediterr\u00e1neo \u00e9s present a la Primera Reuni\u00f3 Regional per a Am\u00e8rica Llatina, on l\u2019INTRAS va exposar els avan\u00e7os en seguretat vi\u00e0ria i va presentar la iniciativa de digitalitzaci\u00f3 de dades de mobilitat al Corredor Mediterrani.","robots":{"index":"index","follow":"follow","max-snippet":"max-snippet:-1","max-image-preview":"max-image-preview:large","max-video-preview":"max-video-preview:-1"},"canonical":"https:\/\/ds4mmed.uv.es\/index.php\/ca\/ds4m-mediterraneo-primera-reunio-regional-america-llatina\/","og_locale":"es_ES","og_type":"article","og_title":"DS4M Mediterr\u00e1neo \u2013 Participaci\u00f3 en la Primera Reuni\u00f3 Regional per a Am\u00e8rica Llatina","og_description":"El projecte DS4M Mediterr\u00e1neo \u00e9s present a la Primera Reuni\u00f3 Regional per a Am\u00e8rica Llatina, on l\u2019INTRAS va exposar els avan\u00e7os en seguretat vi\u00e0ria i va presentar la iniciativa de digitalitzaci\u00f3 de dades de mobilitat al Corredor Mediterrani.","og_url":"https:\/\/ds4mmed.uv.es\/index.php\/ca\/ds4m-mediterraneo-primera-reunio-regional-america-llatina\/","og_site_name":"DS4M Mediterr\u00e1neo","article_modified_time":"2025-11-26T09:15:03+00:00","og_image":[{"url":"https:\/\/ds4mmed.uv.es\/wp-content\/uploads\/2025\/11\/Noticia25.png","type":"","width":"","height":""}],"twitter_card":"summary_large_image","twitter_misc":{"Tiempo de lectura":"2 minutos"},"schema":{"@context":"https:\/\/schema.org","@graph":[{"@type":"WebPage","@id":"https:\/\/ds4mmed.uv.es\/index.php\/ca\/ds4m-mediterraneo-primera-reunio-regional-america-llatina\/","url":"https:\/\/ds4mmed.uv.es\/index.php\/ca\/ds4m-mediterraneo-primera-reunio-regional-america-llatina\/","name":"DS4M Mediterr\u00e1neo \u2013 Participaci\u00f3 en la Primera Reuni\u00f3 Regional per a Am\u00e8rica Llatina","isPartOf":{"@id":"https:\/\/ds4mmed.uv.es\/#website"},"primaryImageOfPage":{"@id":"https:\/\/ds4mmed.uv.es\/index.php\/ca\/ds4m-mediterraneo-primera-reunio-regional-america-llatina\/#primaryimage"},"image":{"@id":"https:\/\/ds4mmed.uv.es\/index.php\/ca\/ds4m-mediterraneo-primera-reunio-regional-america-llatina\/#primaryimage"},"thumbnailUrl":"https:\/\/ds4mmed.uv.es\/wp-content\/uploads\/2025\/11\/Noticia25.png","datePublished":"2025-11-19T09:44:14+00:00","dateModified":"2025-11-26T09:15:03+00:00","description":"El projecte DS4M Mediterr\u00e1neo \u00e9s present a la Primera Reuni\u00f3 Regional per a Am\u00e8rica Llatina, on l\u2019INTRAS va exposar els avan\u00e7os en seguretat vi\u00e0ria i va presentar la iniciativa de digitalitzaci\u00f3 de dades de mobilitat al Corredor Mediterrani.","breadcrumb":{"@id":"https:\/\/ds4mmed.uv.es\/index.php\/ca\/ds4m-mediterraneo-primera-reunio-regional-america-llatina\/#breadcrumb"},"inLanguage":"es","potentialAction":[{"@type":"ReadAction","target":["https:\/\/ds4mmed.uv.es\/index.php\/ca\/ds4m-mediterraneo-primera-reunio-regional-america-llatina\/"]}]},{"@type":"ImageObject","inLanguage":"es","@id":"https:\/\/ds4mmed.uv.es\/index.php\/ca\/ds4m-mediterraneo-primera-reunio-regional-america-llatina\/#primaryimage","url":"https:\/\/ds4mmed.uv.es\/wp-content\/uploads\/2025\/11\/Noticia25.png","contentUrl":"https:\/\/ds4mmed.uv.es\/wp-content\/uploads\/2025\/11\/Noticia25.png","width":857,"height":599},{"@type":"BreadcrumbList","@id":"https:\/\/ds4mmed.uv.es\/index.php\/ca\/ds4m-mediterraneo-primera-reunio-regional-america-llatina\/#breadcrumb","itemListElement":[{"@type":"ListItem","position":1,"name":"Portada","item":"https:\/\/ds4mmed.uv.es\/index.php\/es\/"},{"@type":"ListItem","position":2,"name":"Noticia 2 &#8211; La digitalitzaci\u00f3 i la innovaci\u00f3 dels sistemes de transport: Representants del projecte DS4M Mediterr\u00e1neo presents en la Primera Reuni\u00f3 Regional per a Am\u00e8rica Llatina"}]},{"@type":"WebSite","@id":"https:\/\/ds4mmed.uv.es\/#website","url":"https:\/\/ds4mmed.uv.es\/","name":"DS4M Mediterr\u00e1neo","description":"","publisher":{"@id":"https:\/\/ds4mmed.uv.es\/#organization"},"potentialAction":[{"@type":"SearchAction","target":{"@type":"EntryPoint","urlTemplate":"https:\/\/ds4mmed.uv.es\/?s={search_term_string}"},"query-input":{"@type":"PropertyValueSpecification","valueRequired":true,"valueName":"search_term_string"}}],"inLanguage":"es"},{"@type":"Organization","@id":"https:\/\/ds4mmed.uv.es\/#organization","name":"DS4M Mediterr\u00e1neo","url":"https:\/\/ds4mmed.uv.es\/","logo":{"@type":"ImageObject","inLanguage":"es","@id":"https:\/\/ds4mmed.uv.es\/#\/schema\/logo\/image\/","url":"https:\/\/ds4mmed.uv.es\/wp-content\/uploads\/2025\/07\/Logo-cambio-resolucion-scaled.png","contentUrl":"https:\/\/ds4mmed.uv.es\/wp-content\/uploads\/2025\/07\/Logo-cambio-resolucion-scaled.png","width":2560,"height":980,"caption":"DS4M Mediterr\u00e1neo"},"image":{"@id":"https:\/\/ds4mmed.uv.es\/#\/schema\/logo\/image\/"}}]}},"_links":{"self":[{"href":"https:\/\/ds4mmed.uv.es\/index.php\/wp-json\/wp\/v2\/pages\/7117","targetHints":{"allow":["GET"]}}],"collection":[{"href":"https:\/\/ds4mmed.uv.es\/index.php\/wp-json\/wp\/v2\/pages"}],"about":[{"href":"https:\/\/ds4mmed.uv.es\/index.php\/wp-json\/wp\/v2\/types\/page"}],"author":[{"embeddable":true,"href":"https:\/\/ds4mmed.uv.es\/index.php\/wp-json\/wp\/v2\/users\/1"}],"replies":[{"embeddable":true,"href":"https:\/\/ds4mmed.uv.es\/index.php\/wp-json\/wp\/v2\/comments?post=7117"}],"version-history":[{"count":15,"href":"https:\/\/ds4mmed.uv.es\/index.php\/wp-json\/wp\/v2\/pages\/7117\/revisions"}],"predecessor-version":[{"id":9120,"href":"https:\/\/ds4mmed.uv.es\/index.php\/wp-json\/wp\/v2\/pages\/7117\/revisions\/9120"}],"wp:attachment":[{"href":"https:\/\/ds4mmed.uv.es\/index.php\/wp-json\/wp\/v2\/media?parent=7117"}],"curies":[{"name":"wp","href":"https:\/\/api.w.org\/{rel}","templated":true}]}}