{"id":5816,"date":"2025-11-11T10:40:20","date_gmt":"2025-11-11T09:40:20","guid":{"rendered":"https:\/\/ds4mmed.uv.es\/?page_id=5816"},"modified":"2026-03-06T11:44:25","modified_gmt":"2026-03-06T10:44:25","slug":"beneficios","status":"publish","type":"page","link":"https:\/\/ds4mmed.uv.es\/index.php\/es\/beneficios\/","title":{"rendered":"Beneficios"},"content":{"rendered":"\t\t<div data-elementor-type=\"wp-page\" data-elementor-id=\"5816\" class=\"elementor elementor-5816\">\n\t\t\t\t<div class=\"elementor-element elementor-element-54d817b e-flex e-con-boxed e-con e-parent\" data-id=\"54d817b\" data-element_type=\"container\" data-e-type=\"container\">\n\t\t\t\t\t<div class=\"e-con-inner\">\n\t\t<div class=\"elementor-element elementor-element-dcff3be e-con-full e-flex e-con e-child\" data-id=\"dcff3be\" data-element_type=\"container\" data-e-type=\"container\">\n\t\t\t\t<div class=\"elementor-element elementor-element-1ee1c2b elementor-widget elementor-widget-html\" data-id=\"1ee1c2b\" data-element_type=\"widget\" data-e-type=\"widget\" data-widget_type=\"html.default\">\n\t\t\t\t\t<div id=\"ds4m-beneficios-section\" class=\"beneficios-slider-container\">\r\n    <h1 class=\"beneficios-titulo-fijo\">Beneficios de participar en el proyecto<\/h1>\r\n\r\n    <div class=\"beneficio-slide\" style=\"background-image: url('https:\/\/ds4mmed.uv.es\/wp-content\/uploads\/2025\/11\/fotito1.jpg');\">\r\n        <div class=\"beneficio-content\">\r\n            <div class=\"beneficio-circulo\">\r\n                <h2 class=\"beneficio-h2\">Ser parte de un proyecto estrat\u00e9gico<\/h2>\r\n            <\/div>\r\n            <p class=\"beneficio-descripcion\">Al estar enmarcado en el Plan de Impulso de los Espacios de Datos, se posicionar\u00e1 como un actor clave en la transformaci\u00f3n digital del transporte y la movilidad. Esto abrir\u00e1 oportunidades de liderazgo a nivel nacional y proyecci\u00f3n europea.<\/p>\r\n        <\/div>\r\n    <\/div>\r\n\r\n    <div class=\"beneficio-slide\" style=\"background-image: url('https:\/\/ds4mmed.uv.es\/wp-content\/uploads\/2025\/11\/fotito2.jpg');\">\r\n        <div class=\"beneficio-content\">\r\n            <div class=\"beneficio-circulo\">\r\n                <h2 class=\"beneficio-h2\">Prestigioso reconocimiento institucional<\/h2>\r\n            <\/div>\r\n            <p class=\"beneficio-descripcion\">Las entidades participantes recibir\u00e1n un certificado oficial de adhesi\u00f3n al Espacio de Datos de Movilidad, emitido por la Direcci\u00f3n General del Dato del Ministerio para la Transformaci\u00f3n Digital y la Funci\u00f3n P\u00fablica.<\/p>\r\n        <\/div>\r\n    <\/div>\r\n\r\n    <div class=\"beneficio-slide\" style=\"background-image: url('https:\/\/ds4mmed.uv.es\/wp-content\/uploads\/2025\/11\/fotito3.jpg');\">\r\n        <div class=\"beneficio-content\">\r\n            <div class=\"beneficio-circulo\">\r\n                <h2 class=\"beneficio-h2\">Relaci\u00f3n con diferentes actores<\/h2>\r\n            <\/div>\r\n            <p class=\"beneficio-descripcion\">Posibilidad de contratar con las instituciones que adquieren y\/o ofertan, productos y\/o servicios. Todo ello gracias a la interoperabilidad y est\u00e1ndares comunes.<\/p>\r\n        <\/div>\r\n    <\/div>\r\n\r\n    <div class=\"beneficio-slide\" style=\"background-image: url('https:\/\/ds4mmed.uv.es\/wp-content\/uploads\/2025\/11\/pexels-pixabay-162539-scaled.jpg');\">\r\n        <div class=\"beneficio-content\">\r\n            <div class=\"beneficio-circulo\">\r\n                <h2 class=\"beneficio-h2\">Valor econ\u00f3mico y social<\/h2>\r\n            <\/div>\r\n            <p class=\"beneficio-descripcion\">Desarrollo de nuevas oportunidades, modelos de negocio, productos y servicios, as\u00ed como optimizaci\u00f3n de los existentes para maximizar beneficios.<\/p>\r\n        <\/div>\r\n    <\/div>\r\n\r\n    <div class=\"beneficio-slide\" style=\"background-image: url('https:\/\/ds4mmed.uv.es\/wp-content\/uploads\/2025\/11\/fotito5.jpg');\">\r\n        <div class=\"beneficio-content\">\r\n            <div class=\"beneficio-circulo\">\r\n                <h2 class=\"beneficio-h2\">Acceso a financiaci\u00f3n y subvenciones<\/h2>\r\n            <\/div>\r\n            <p class=\"beneficio-descripcion\">Posibilidad de obtener ayudas econ\u00f3micas, como es el caso del Kit Espacios de Datos del propio Ministerio para la Transformaci\u00f3n Digital.<\/p>\r\n        <\/div>\r\n    <\/div>\r\n\r\n    <div class=\"beneficio-slide\" style=\"background-image: url('https:\/\/ds4mmed.uv.es\/wp-content\/uploads\/2025\/11\/fotito4.jpg');\">\r\n        <div class=\"beneficio-content\">\r\n            <div class=\"beneficio-circulo\">\r\n                <h2 class=\"beneficio-h2\">Formaci\u00f3n especializada acad\u00e9mica<\/h2>\r\n            <\/div>\r\n            <p class=\"beneficio-descripcion\">Acceso para los profesionales al Diploma de Especializaci\u00f3n Gesti\u00f3n de la Movilidad Inteligente y Espacio de Datos con descuentos exclusivos.<\/p>\r\n        <\/div>\r\n    <\/div>\r\n\r\n    <button class=\"slider-nav\" id=\"slider-prev\" aria-label=\"Anterior\">&#10094;<\/button>\r\n    <button class=\"slider-nav\" id=\"slider-next\" aria-label=\"Siguiente\">&#10095;<\/button>\r\n<\/div>\r\n\r\n<style>\r\n\/* Todo el CSS ahora empieza con el ID del contenedor para no afectar al resto de la web *\/\r\n#ds4m-beneficios-section.beneficios-slider-container {\r\n    position: relative;\r\n    width: 100%;\r\n    height: 600px;\r\n    overflow: hidden;\r\n    border-radius: 12px;\r\n    box-shadow: 0 10px 30px rgba(0,0,0,0.1);\r\n    font-family: 'Raleway', sans-serif;\r\n    background-color: #000;\r\n}\r\n\r\n#ds4m-beneficios-section .beneficios-titulo-fijo {\r\n    position: absolute;\r\n    top: 0;\r\n    left: 0;\r\n    width: 100%;\r\n    text-align: center;\r\n    padding: 20px 0;\r\n    font-size: 2.5rem;\r\n    font-weight: bold;\r\n    color: #FFFFFF !important;\r\n    background: rgba(0, 0, 0, 0.4);\r\n    z-index: 10;\r\n    margin: 0;\r\n    text-shadow: 2px 2px 6px rgba(0, 0, 0, 0.7);\r\n    border: none;\r\n}\r\n\r\n#ds4m-beneficios-section .beneficio-slide {\r\n    position: absolute;\r\n    top: 0;\r\n    left: 0;\r\n    width: 100%;\r\n    height: 100%;\r\n    background-size: cover;\r\n    background-position: center;\r\n    opacity: 0;\r\n    transition: opacity 1.5s ease-in-out;\r\n    visibility: hidden;\r\n}\r\n\r\n#ds4m-beneficios-section .beneficio-slide.active {\r\n    opacity: 1;\r\n    visibility: visible;\r\n}\r\n\r\n#ds4m-beneficios-section .beneficio-slide::before {\r\n    content: \"\";\r\n    position: absolute;\r\n    inset: 0;\r\n    background: linear-gradient(rgba(5, 23, 46, 0.6), rgba(5, 23, 46, 0.7));\r\n    z-index: 1;\r\n}\r\n\r\n#ds4m-beneficios-section .beneficio-content {\r\n    position: relative;\r\n    z-index: 2;\r\n    width: 100%;\r\n    height: 100%;\r\n    padding: 20px 60px;\r\n    padding-top: 120px;\r\n    box-sizing: border-box;\r\n}\r\n\r\n#ds4m-beneficios-section .beneficio-circulo {\r\n    position: absolute;\r\n    top: 100px;\r\n    left: 60px;\r\n    width: 300px;\r\n    height: 300px;\r\n    background-color: #0d1b2a;\r\n    border-radius: 50%;\r\n    display: flex;\r\n    align-items: center;\r\n    justify-content: center;\r\n    padding: 30px;\r\n    box-sizing: border-box;\r\n    text-align: center;\r\n    box-shadow: 0 4px 15px rgba(0,0,0,0.3);\r\n}\r\n\r\n#ds4m-beneficios-section .beneficio-h2 {\r\n    font-size: 1.8rem;\r\n    color: #FFFFFF !important;\r\n    font-weight: 700;\r\n    line-height: 1.3;\r\n    margin: 0 !important;\r\n    text-transform: none;\r\n}\r\n\r\n#ds4m-beneficios-section .beneficio-descripcion {\r\n    position: absolute;\r\n    bottom: 60px;\r\n    right: 60px;\r\n    width: 55%;\r\n    max-width: 800px;\r\n    font-size: 1.8rem;\r\n    font-weight: 500;\r\n    color: #FFFFFF !important;\r\n    line-height: 1.5;\r\n    text-shadow: 2px 2px 8px rgba(0, 0, 0, 0.8);\r\n    text-align: justify;\r\n    margin: 0;\r\n}\r\n\r\n#ds4m-beneficios-section .slider-nav {\r\n    position: absolute;\r\n    top: 50%;\r\n    transform: translateY(-50%);\r\n    background: rgba(255,255,255,0.2);\r\n    border: none;\r\n    color: #fff !important;\r\n    font-size: 24px;\r\n    width: 50px;\r\n    height: 50px;\r\n    cursor: pointer;\r\n    z-index: 20;\r\n    transition: all 0.3s ease;\r\n    border-radius: 50%;\r\n    display: flex;\r\n    align-items: center;\r\n    justify-content: center;\r\n}\r\n\r\n#ds4m-beneficios-section .slider-nav:hover {\r\n    background: rgba(255,255,255,0.4);\r\n}\r\n\r\n#ds4m-beneficios-section #slider-prev { left: 20px; }\r\n#ds4m-beneficios-section #slider-next { right: 20px; }\r\n\r\n\/* Media Queries encapsuladas *\/\r\n@media (max-width: 900px) {\r\n    #ds4m-beneficios-section .beneficio-circulo { width: 250px; height: 250px; top: 80px; left: 40px; }\r\n    #ds4m-beneficios-section .beneficio-h2 { font-size: 1.5rem; }\r\n    #ds4m-beneficios-section .beneficio-descripcion { font-size: 1.5rem; width: 65%; bottom: 40px; right: 40px; }\r\n    #ds4m-beneficios-section .beneficios-titulo-fijo { font-size: 2rem; }\r\n}\r\n\r\n@media (max-width: 600px) {\r\n    #ds4m-beneficios-section.beneficios-slider-container { height: 500px; }\r\n    #ds4m-beneficios-section .beneficio-content { padding-top: 100px; }\r\n    #ds4m-beneficios-section .beneficio-circulo { width: 160px; height: 160px; top: 100px; left: 20px; }\r\n    #ds4m-beneficios-section .beneficio-h2 { font-size: 0.9rem; }\r\n    #ds4m-beneficios-section .beneficio-descripcion { font-size: 1.1rem; width: 85%; bottom: 20px; right: 20px; text-align: center; }\r\n    #ds4m-beneficios-section .beneficios-titulo-fijo { font-size: 1.3rem; }\r\n}\r\n<\/style>\r\n\r\n<script>\r\n(function() {\r\n    document.addEventListener('DOMContentLoaded', function() {\r\n        const container = document.getElementById('ds4m-beneficios-section');\r\n        if (!container) return;\r\n\r\n        let slides = container.querySelectorAll('.beneficio-slide');\r\n        let prevButton = container.querySelector('#slider-prev');\r\n        let nextButton = container.querySelector('#slider-next');\r\n        \r\n        if (slides.length > 0) {\r\n            let currentSlide = 0;\r\n            let slideInterval;\r\n            const intervalTime = 10000;\r\n\r\n            function showSlide(index) {\r\n                slides[currentSlide].classList.remove('active');\r\n                currentSlide = index;\r\n                slides[currentSlide].classList.add('active');\r\n            }\r\n\r\n            function goToNext() {\r\n                let nextIndex = (currentSlide + 1) % slides.length;\r\n                showSlide(nextIndex);\r\n            }\r\n\r\n            function goToPrev() {\r\n                let prevIndex = (currentSlide - 1 + slides.length) % slides.length;\r\n                showSlide(prevIndex);\r\n            }\r\n\r\n            function startSlideShow() {\r\n                clearInterval(slideInterval);\r\n                slideInterval = setInterval(goToNext, intervalTime);\r\n            }\r\n\r\n            nextButton.addEventListener('click', function(e) {\r\n                e.preventDefault();\r\n                goToNext();\r\n                startSlideShow();\r\n            });\r\n\r\n            prevButton.addEventListener('click', function(e) {\r\n                e.preventDefault();\r\n                goToPrev();\r\n                startSlideShow();\r\n            });\r\n\r\n            \/\/ Inicializar\r\n            slides[currentSlide].classList.add('active');\r\n            startSlideShow();\r\n        }\r\n    });\r\n})();\r\n<\/script>\t\t\t\t<\/div>\n\t\t\t\t<\/div>\n\t\t\t\t\t<\/div>\n\t\t\t\t<\/div>\n\t\t\t\t<\/div>\n\t\t","protected":false},"excerpt":{"rendered":"<p>Beneficios de participar en el proyecto Ser parte de un proyecto estrat\u00e9gico Al estar enmarcado en el Plan de Impulso de los Espacios de Datos, se posicionar\u00e1 como un actor clave en la transformaci\u00f3n digital del transporte y la movilidad. Esto abrir\u00e1 oportunidades de liderazgo a nivel nacional y proyecci\u00f3n europea. Prestigioso reconocimiento institucional Las [&hellip;]<\/p>\n","protected":false},"author":1,"featured_media":8718,"parent":0,"menu_order":0,"comment_status":"closed","ping_status":"closed","template":"","meta":{"footnotes":""},"class_list":["post-5816","page","type-page","status-publish","has-post-thumbnail","hentry"],"yoast_head":"<!-- This site is optimized with the Yoast SEO plugin v27.1.1 - https:\/\/yoast.com\/product\/yoast-seo-wordpress\/ -->\n<title>DS4M Mediterr\u00e1neo - Beneficios<\/title>\n<meta name=\"description\" content=\"Descubre los beneficios de DS4M Mediterr\u00e1neo: impulso de la transformaci\u00f3n digital, soluciones innovadoras y apoyo estrat\u00e9gico para fortalecer el ecosistema mediterr\u00e1neo.\" \/>\n<meta name=\"robots\" content=\"index, follow, max-snippet:-1, max-image-preview:large, max-video-preview:-1\" \/>\n<link rel=\"canonical\" href=\"https:\/\/ds4mmed.uv.es\/index.php\/es\/beneficios\/\" \/>\n<meta property=\"og:locale\" content=\"es_ES\" \/>\n<meta property=\"og:type\" content=\"article\" \/>\n<meta property=\"og:title\" content=\"DS4M Mediterr\u00e1neo - Beneficios\" \/>\n<meta property=\"og:description\" content=\"Descubre los beneficios de DS4M Mediterr\u00e1neo: impulso de la transformaci\u00f3n digital, soluciones innovadoras y apoyo estrat\u00e9gico para fortalecer el ecosistema mediterr\u00e1neo.\" \/>\n<meta property=\"og:url\" content=\"https:\/\/ds4mmed.uv.es\/index.php\/es\/beneficios\/\" \/>\n<meta property=\"og:site_name\" content=\"DS4M Mediterr\u00e1neo\" \/>\n<meta property=\"article:modified_time\" content=\"2026-03-06T10:44:25+00:00\" \/>\n<meta property=\"og:image\" content=\"https:\/\/ds4mmed.uv.es\/wp-content\/uploads\/2025\/11\/Icono-web-1.png\" \/>\n\t<meta property=\"og:image:width\" content=\"344\" \/>\n\t<meta property=\"og:image:height\" content=\"344\" \/>\n\t<meta property=\"og:image:type\" content=\"image\/png\" \/>\n<meta name=\"twitter:card\" content=\"summary_large_image\" \/>\n<meta name=\"twitter:label1\" content=\"Tiempo de lectura\" \/>\n\t<meta name=\"twitter:data1\" content=\"4 minutos\" \/>\n<script type=\"application\/ld+json\" class=\"yoast-schema-graph\">{\"@context\":\"https:\/\/schema.org\",\"@graph\":[{\"@type\":\"WebPage\",\"@id\":\"https:\/\/ds4mmed.uv.es\/index.php\/es\/beneficios\/\",\"url\":\"https:\/\/ds4mmed.uv.es\/index.php\/es\/beneficios\/\",\"name\":\"DS4M Mediterr\u00e1neo - Beneficios\",\"isPartOf\":{\"@id\":\"https:\/\/ds4mmed.uv.es\/#website\"},\"primaryImageOfPage\":{\"@id\":\"https:\/\/ds4mmed.uv.es\/index.php\/es\/beneficios\/#primaryimage\"},\"image\":{\"@id\":\"https:\/\/ds4mmed.uv.es\/index.php\/es\/beneficios\/#primaryimage\"},\"thumbnailUrl\":\"https:\/\/ds4mmed.uv.es\/wp-content\/uploads\/2025\/11\/Icono-web-1.png\",\"datePublished\":\"2025-11-11T09:40:20+00:00\",\"dateModified\":\"2026-03-06T10:44:25+00:00\",\"description\":\"Descubre los beneficios de DS4M Mediterr\u00e1neo: impulso de la transformaci\u00f3n digital, soluciones innovadoras y apoyo estrat\u00e9gico para fortalecer el ecosistema mediterr\u00e1neo.\",\"breadcrumb\":{\"@id\":\"https:\/\/ds4mmed.uv.es\/index.php\/es\/beneficios\/#breadcrumb\"},\"inLanguage\":\"es\",\"potentialAction\":[{\"@type\":\"ReadAction\",\"target\":[\"https:\/\/ds4mmed.uv.es\/index.php\/es\/beneficios\/\"]}]},{\"@type\":\"ImageObject\",\"inLanguage\":\"es\",\"@id\":\"https:\/\/ds4mmed.uv.es\/index.php\/es\/beneficios\/#primaryimage\",\"url\":\"https:\/\/ds4mmed.uv.es\/wp-content\/uploads\/2025\/11\/Icono-web-1.png\",\"contentUrl\":\"https:\/\/ds4mmed.uv.es\/wp-content\/uploads\/2025\/11\/Icono-web-1.png\",\"width\":344,\"height\":344},{\"@type\":\"BreadcrumbList\",\"@id\":\"https:\/\/ds4mmed.uv.es\/index.php\/es\/beneficios\/#breadcrumb\",\"itemListElement\":[{\"@type\":\"ListItem\",\"position\":1,\"name\":\"Portada\",\"item\":\"https:\/\/ds4mmed.uv.es\/index.php\/es\/\"},{\"@type\":\"ListItem\",\"position\":2,\"name\":\"Beneficios\"}]},{\"@type\":\"WebSite\",\"@id\":\"https:\/\/ds4mmed.uv.es\/#website\",\"url\":\"https:\/\/ds4mmed.uv.es\/\",\"name\":\"DS4M Mediterr\u00e1neo\",\"description\":\"\",\"publisher\":{\"@id\":\"https:\/\/ds4mmed.uv.es\/#organization\"},\"potentialAction\":[{\"@type\":\"SearchAction\",\"target\":{\"@type\":\"EntryPoint\",\"urlTemplate\":\"https:\/\/ds4mmed.uv.es\/?s={search_term_string}\"},\"query-input\":{\"@type\":\"PropertyValueSpecification\",\"valueRequired\":true,\"valueName\":\"search_term_string\"}}],\"inLanguage\":\"es\"},{\"@type\":\"Organization\",\"@id\":\"https:\/\/ds4mmed.uv.es\/#organization\",\"name\":\"DS4M Mediterr\u00e1neo\",\"url\":\"https:\/\/ds4mmed.uv.es\/\",\"logo\":{\"@type\":\"ImageObject\",\"inLanguage\":\"es\",\"@id\":\"https:\/\/ds4mmed.uv.es\/#\/schema\/logo\/image\/\",\"url\":\"https:\/\/ds4mmed.uv.es\/wp-content\/uploads\/2025\/07\/Logo-cambio-resolucion-scaled.png\",\"contentUrl\":\"https:\/\/ds4mmed.uv.es\/wp-content\/uploads\/2025\/07\/Logo-cambio-resolucion-scaled.png\",\"width\":2560,\"height\":980,\"caption\":\"DS4M Mediterr\u00e1neo\"},\"image\":{\"@id\":\"https:\/\/ds4mmed.uv.es\/#\/schema\/logo\/image\/\"}}]}<\/script>\n<!-- \/ Yoast SEO plugin. -->","yoast_head_json":{"title":"DS4M Mediterr\u00e1neo - Beneficios","description":"Descubre los beneficios de DS4M Mediterr\u00e1neo: impulso de la transformaci\u00f3n digital, soluciones innovadoras y apoyo estrat\u00e9gico para fortalecer el ecosistema mediterr\u00e1neo.","robots":{"index":"index","follow":"follow","max-snippet":"max-snippet:-1","max-image-preview":"max-image-preview:large","max-video-preview":"max-video-preview:-1"},"canonical":"https:\/\/ds4mmed.uv.es\/index.php\/es\/beneficios\/","og_locale":"es_ES","og_type":"article","og_title":"DS4M Mediterr\u00e1neo - Beneficios","og_description":"Descubre los beneficios de DS4M Mediterr\u00e1neo: impulso de la transformaci\u00f3n digital, soluciones innovadoras y apoyo estrat\u00e9gico para fortalecer el ecosistema mediterr\u00e1neo.","og_url":"https:\/\/ds4mmed.uv.es\/index.php\/es\/beneficios\/","og_site_name":"DS4M Mediterr\u00e1neo","article_modified_time":"2026-03-06T10:44:25+00:00","og_image":[{"width":344,"height":344,"url":"https:\/\/ds4mmed.uv.es\/wp-content\/uploads\/2025\/11\/Icono-web-1.png","type":"image\/png"}],"twitter_card":"summary_large_image","twitter_misc":{"Tiempo de lectura":"4 minutos"},"schema":{"@context":"https:\/\/schema.org","@graph":[{"@type":"WebPage","@id":"https:\/\/ds4mmed.uv.es\/index.php\/es\/beneficios\/","url":"https:\/\/ds4mmed.uv.es\/index.php\/es\/beneficios\/","name":"DS4M Mediterr\u00e1neo - Beneficios","isPartOf":{"@id":"https:\/\/ds4mmed.uv.es\/#website"},"primaryImageOfPage":{"@id":"https:\/\/ds4mmed.uv.es\/index.php\/es\/beneficios\/#primaryimage"},"image":{"@id":"https:\/\/ds4mmed.uv.es\/index.php\/es\/beneficios\/#primaryimage"},"thumbnailUrl":"https:\/\/ds4mmed.uv.es\/wp-content\/uploads\/2025\/11\/Icono-web-1.png","datePublished":"2025-11-11T09:40:20+00:00","dateModified":"2026-03-06T10:44:25+00:00","description":"Descubre los beneficios de DS4M Mediterr\u00e1neo: impulso de la transformaci\u00f3n digital, soluciones innovadoras y apoyo estrat\u00e9gico para fortalecer el ecosistema mediterr\u00e1neo.","breadcrumb":{"@id":"https:\/\/ds4mmed.uv.es\/index.php\/es\/beneficios\/#breadcrumb"},"inLanguage":"es","potentialAction":[{"@type":"ReadAction","target":["https:\/\/ds4mmed.uv.es\/index.php\/es\/beneficios\/"]}]},{"@type":"ImageObject","inLanguage":"es","@id":"https:\/\/ds4mmed.uv.es\/index.php\/es\/beneficios\/#primaryimage","url":"https:\/\/ds4mmed.uv.es\/wp-content\/uploads\/2025\/11\/Icono-web-1.png","contentUrl":"https:\/\/ds4mmed.uv.es\/wp-content\/uploads\/2025\/11\/Icono-web-1.png","width":344,"height":344},{"@type":"BreadcrumbList","@id":"https:\/\/ds4mmed.uv.es\/index.php\/es\/beneficios\/#breadcrumb","itemListElement":[{"@type":"ListItem","position":1,"name":"Portada","item":"https:\/\/ds4mmed.uv.es\/index.php\/es\/"},{"@type":"ListItem","position":2,"name":"Beneficios"}]},{"@type":"WebSite","@id":"https:\/\/ds4mmed.uv.es\/#website","url":"https:\/\/ds4mmed.uv.es\/","name":"DS4M Mediterr\u00e1neo","description":"","publisher":{"@id":"https:\/\/ds4mmed.uv.es\/#organization"},"potentialAction":[{"@type":"SearchAction","target":{"@type":"EntryPoint","urlTemplate":"https:\/\/ds4mmed.uv.es\/?s={search_term_string}"},"query-input":{"@type":"PropertyValueSpecification","valueRequired":true,"valueName":"search_term_string"}}],"inLanguage":"es"},{"@type":"Organization","@id":"https:\/\/ds4mmed.uv.es\/#organization","name":"DS4M Mediterr\u00e1neo","url":"https:\/\/ds4mmed.uv.es\/","logo":{"@type":"ImageObject","inLanguage":"es","@id":"https:\/\/ds4mmed.uv.es\/#\/schema\/logo\/image\/","url":"https:\/\/ds4mmed.uv.es\/wp-content\/uploads\/2025\/07\/Logo-cambio-resolucion-scaled.png","contentUrl":"https:\/\/ds4mmed.uv.es\/wp-content\/uploads\/2025\/07\/Logo-cambio-resolucion-scaled.png","width":2560,"height":980,"caption":"DS4M Mediterr\u00e1neo"},"image":{"@id":"https:\/\/ds4mmed.uv.es\/#\/schema\/logo\/image\/"}}]}},"_links":{"self":[{"href":"https:\/\/ds4mmed.uv.es\/index.php\/wp-json\/wp\/v2\/pages\/5816","targetHints":{"allow":["GET"]}}],"collection":[{"href":"https:\/\/ds4mmed.uv.es\/index.php\/wp-json\/wp\/v2\/pages"}],"about":[{"href":"https:\/\/ds4mmed.uv.es\/index.php\/wp-json\/wp\/v2\/types\/page"}],"author":[{"embeddable":true,"href":"https:\/\/ds4mmed.uv.es\/index.php\/wp-json\/wp\/v2\/users\/1"}],"replies":[{"embeddable":true,"href":"https:\/\/ds4mmed.uv.es\/index.php\/wp-json\/wp\/v2\/comments?post=5816"}],"version-history":[{"count":77,"href":"https:\/\/ds4mmed.uv.es\/index.php\/wp-json\/wp\/v2\/pages\/5816\/revisions"}],"predecessor-version":[{"id":13844,"href":"https:\/\/ds4mmed.uv.es\/index.php\/wp-json\/wp\/v2\/pages\/5816\/revisions\/13844"}],"wp:featuredmedia":[{"embeddable":true,"href":"https:\/\/ds4mmed.uv.es\/index.php\/wp-json\/wp\/v2\/media\/8718"}],"wp:attachment":[{"href":"https:\/\/ds4mmed.uv.es\/index.php\/wp-json\/wp\/v2\/media?parent=5816"}],"curies":[{"name":"wp","href":"https:\/\/api.w.org\/{rel}","templated":true}]}}