{"id":3473,"date":"2025-10-31T11:55:22","date_gmt":"2025-10-31T10:55:22","guid":{"rendered":"https:\/\/ds4mmed.uv.es\/?page_id=3473"},"modified":"2025-11-26T09:27:27","modified_gmt":"2025-11-26T08:27:27","slug":"reunion-regional-america-latina-ds4m","status":"publish","type":"page","link":"https:\/\/ds4mmed.uv.es\/index.php\/es\/reunion-regional-america-latina-ds4m\/","title":{"rendered":"Noticia 2 &#8211; La digitalizaci\u00f3n y la innovaci\u00f3n de los sistemas de transporte: Representantes del proyecto DS4M Mediterr\u00e1neo presentes en la Primera Reuni\u00f3n Regional para Am\u00e9rica Latina"},"content":{"rendered":"\t\t<div data-elementor-type=\"wp-page\" data-elementor-id=\"3473\" class=\"elementor elementor-3473\">\n\t\t\t\t<div class=\"elementor-element elementor-element-6c62525 e-flex e-con-boxed e-con e-child\" data-id=\"6c62525\" data-element_type=\"container\" data-e-type=\"container\" data-settings=\"{&quot;background_background&quot;:&quot;classic&quot;}\">\n\t\t\t\t\t<div class=\"e-con-inner\">\n\t\t<div class=\"elementor-element elementor-element-6debc5d e-con-full e-flex e-con e-child\" data-id=\"6debc5d\" data-element_type=\"container\" data-e-type=\"container\">\n\t\t<div class=\"elementor-element elementor-element-3b5bf26 e-con-full e-flex elementor-invisible e-con e-child\" data-id=\"3b5bf26\" data-element_type=\"container\" data-e-type=\"container\" data-settings=\"{&quot;animation&quot;:&quot;fadeInLeft&quot;}\">\n\t\t\t\t<div class=\"elementor-element elementor-element-da9e6f3 elementor-widget elementor-widget-heading\" data-id=\"da9e6f3\" data-element_type=\"widget\" data-e-type=\"widget\" data-widget_type=\"heading.default\">\n\t\t\t\t\t<h1 class=\"elementor-heading-title elementor-size-default\">La digitalizaci\u00f3n y la innovaci\u00f3n de los sistemas de transporte: Representantes del proyecto DS4M Mediterr\u00e1neo presentes en la Primera Reuni\u00f3n Regional para Am\u00e9rica Latina<\/h1>\t\t\t\t<\/div>\n\t\t\t\t<div class=\"elementor-element elementor-element-e2a4a87 elementor-icon-list--layout-inline elementor-align-center elementor-list-item-link-full_width elementor-widget elementor-widget-icon-list\" data-id=\"e2a4a87\" data-element_type=\"widget\" data-e-type=\"widget\" data-widget_type=\"icon-list.default\">\n\t\t\t\t\t\t\t<ul class=\"elementor-icon-list-items elementor-inline-items\">\n\t\t\t\t\t\t\t<li class=\"elementor-icon-list-item elementor-inline-item\">\n\t\t\t\t\t\t\t\t\t\t<span class=\"elementor-icon-list-text\">Publicado el 7 de noviembre de 2024 <\/span>\n\t\t\t\t\t\t\t\t\t<\/li>\n\t\t\t\t\t\t<\/ul>\n\t\t\t\t\t\t<\/div>\n\t\t\t\t<\/div>\n\t\t\t\t<div class=\"elementor-element elementor-element-89ea136 elementor-invisible elementor-widget elementor-widget-image\" data-id=\"89ea136\" data-element_type=\"widget\" data-e-type=\"widget\" data-settings=\"{&quot;_animation&quot;:&quot;fadeInRight&quot;}\" data-widget_type=\"image.default\">\n\t\t\t\t\t\t\t\t\t\t\t\t\t\t\t<img fetchpriority=\"high\" decoding=\"async\" width=\"857\" height=\"599\" src=\"https:\/\/ds4mmed.uv.es\/wp-content\/uploads\/2025\/11\/Noticia25.png\" class=\"attachment-full size-full wp-image-3713\" alt=\"\" srcset=\"https:\/\/ds4mmed.uv.es\/wp-content\/uploads\/2025\/11\/Noticia25.png 857w, https:\/\/ds4mmed.uv.es\/wp-content\/uploads\/2025\/11\/Noticia25-300x210.png 300w, https:\/\/ds4mmed.uv.es\/wp-content\/uploads\/2025\/11\/Noticia25-768x537.png 768w\" sizes=\"(max-width: 857px) 100vw, 857px\" \/>\t\t\t\t\t\t\t\t\t\t\t\t\t\t\t<\/div>\n\t\t\t\t<\/div>\n\t\t<div class=\"elementor-element elementor-element-aac12f8 e-con-full e-flex elementor-invisible e-con e-child\" data-id=\"aac12f8\" data-element_type=\"container\" data-e-type=\"container\" data-settings=\"{&quot;animation&quot;:&quot;fadeInUp&quot;}\">\n\t\t\t\t<div class=\"elementor-element elementor-element-0c8df65 elementor-widget__width-initial elementor-widget-mobile__width-inherit elementor-widget-tablet__width-inherit elementor-widget elementor-widget-text-editor\" data-id=\"0c8df65\" data-element_type=\"widget\" data-e-type=\"widget\" data-widget_type=\"text-editor.default\">\n\t\t\t\t\t\t\t\t\t<div class=\"ewa-rteLine\">El Dr. Francisco Alonso, director del INTRAS, ha participado en la Primera Reuni\u00f3n Regional para Am\u00e9rica Latina, celebrada del 5 al 7 de noviembre de 2024 en M\u00e9xico.<\/div><div class=\"ewa-rteLine\">\u00a0<\/div><div class=\"ewa-rteLine\">Durante el encuentro, el Dr. Alonso present\u00f3 el estudio sobre la \u201cLicencia por puntos\u201d, desarrollado junto con la Fundaci\u00f3n Ale\u00e1tica, que dio lugar a un workshop centrado en la importancia de este sistema como herramienta clave para mejorar la seguridad vial.<\/div><div class=\"ewa-rteLine\">\u00a0<\/div><div class=\"ewa-rteLine\">Organizada por la Global Alliance of NGOs for Road Safety, la reuni\u00f3n abord\u00f3 los desaf\u00edos m\u00e1s urgentes que enfrenta la comunidad de seguridad vial en Am\u00e9rica Latina, con el prop\u00f3sito de fortalecer la red de la Alianza y su cap\u00edtulo regional, promoviendo una acci\u00f3n coordinada entre las organizaciones participantes.<\/div><div class=\"ewa-rteLine\">\u00a0<\/div><div class=\"ewa-rteLine\">Asimismo, se inform\u00f3 entre los asistentes sobre la participaci\u00f3n del INTRAS en el nuevo proyecto DS4M Mediterr\u00e1neo, una iniciativa revolucionaria en cuanto a la gesti\u00f3n de los datos en el Corredor Mediterr\u00e1neo, orientada a impulsar la cooperaci\u00f3n y la innovaci\u00f3n en el \u00e1mbito de los sistemas inteligentes de transporte.<\/div><div class=\"ewa-rteLine\">\u00a0<\/div><div class=\"ewa-rteLine\">El encuentro tambi\u00e9n sirvi\u00f3 para movilizar a las ONG de la regi\u00f3n de cara a la pr\u00f3xima Conferencia Ministerial Mundial, con el objetivo de reclamar una inversi\u00f3n adecuada que permita implementar intervenciones centradas en las personas y basadas en la evidencia cient\u00edfica para salvar vidas.<\/div>\t\t\t\t\t\t\t\t<\/div>\n\t\t\t\t<\/div>\n\t\t\t\t\t<\/div>\n\t\t\t\t<\/div>\n\t\t\t\t<\/div>\n\t\t","protected":false},"excerpt":{"rendered":"<p>La digitalizaci\u00f3n y la innovaci\u00f3n de los sistemas de transporte: Representantes del proyecto DS4M Mediterr\u00e1neo presentes en la Primera Reuni\u00f3n Regional para Am\u00e9rica Latina Publicado el 7 de noviembre de 2024 El Dr. Francisco Alonso, director del INTRAS, ha participado en la Primera Reuni\u00f3n Regional para Am\u00e9rica Latina, celebrada del 5 al 7 de noviembre [&hellip;]<\/p>\n","protected":false},"author":1,"featured_media":0,"parent":0,"menu_order":0,"comment_status":"closed","ping_status":"closed","template":"","meta":{"footnotes":""},"class_list":["post-3473","page","type-page","status-publish","hentry"],"yoast_head":"<!-- This site is optimized with the Yoast SEO plugin v27.4 - https:\/\/yoast.com\/product\/yoast-seo-wordpress\/ -->\n<title>DS4M Mediterr\u00e1neo \u2013 Participaci\u00f3n en la Primera Reuni\u00f3n Regional para Am\u00e9rica Latina<\/title>\n<meta name=\"description\" content=\"Representantes de DS4M Mediterr\u00e1neo participaron en la Primera Reuni\u00f3n Regional para Am\u00e9rica Latina en M\u00e9xico, donde se present\u00f3 el estudio sobre la \u201cLicencia por puntos\u201d y se destac\u00f3 el papel del proyecto en la digitalizaci\u00f3n e innovaci\u00f3n de los sistemas de transporte.\" \/>\n<meta name=\"robots\" content=\"index, follow, max-snippet:-1, max-image-preview:large, max-video-preview:-1\" \/>\n<link rel=\"canonical\" href=\"https:\/\/ds4mmed.uv.es\/index.php\/es\/reunion-regional-america-latina-ds4m\/\" \/>\n<meta property=\"og:locale\" content=\"es_ES\" \/>\n<meta property=\"og:type\" content=\"article\" \/>\n<meta property=\"og:title\" content=\"DS4M Mediterr\u00e1neo \u2013 Participaci\u00f3n en la Primera Reuni\u00f3n Regional para Am\u00e9rica Latina\" \/>\n<meta property=\"og:description\" content=\"Representantes de DS4M Mediterr\u00e1neo participaron en la Primera Reuni\u00f3n Regional para Am\u00e9rica Latina en M\u00e9xico, donde se present\u00f3 el estudio sobre la \u201cLicencia por puntos\u201d y se destac\u00f3 el papel del proyecto en la digitalizaci\u00f3n e innovaci\u00f3n de los sistemas de transporte.\" \/>\n<meta property=\"og:url\" content=\"https:\/\/ds4mmed.uv.es\/index.php\/es\/reunion-regional-america-latina-ds4m\/\" \/>\n<meta property=\"og:site_name\" content=\"DS4M Mediterr\u00e1neo\" \/>\n<meta property=\"article:modified_time\" content=\"2025-11-26T08:27:27+00:00\" \/>\n<meta property=\"og:image\" content=\"https:\/\/ds4mmed.uv.es\/wp-content\/uploads\/2025\/11\/Noticia25.png\" \/>\n<meta name=\"twitter:card\" content=\"summary_large_image\" \/>\n<meta name=\"twitter:label1\" content=\"Tiempo de lectura\" \/>\n\t<meta name=\"twitter:data1\" content=\"2 minutos\" \/>\n<script type=\"application\/ld+json\" class=\"yoast-schema-graph\">{\"@context\":\"https:\\\/\\\/schema.org\",\"@graph\":[{\"@type\":\"WebPage\",\"@id\":\"https:\\\/\\\/ds4mmed.uv.es\\\/index.php\\\/es\\\/reunion-regional-america-latina-ds4m\\\/\",\"url\":\"https:\\\/\\\/ds4mmed.uv.es\\\/index.php\\\/es\\\/reunion-regional-america-latina-ds4m\\\/\",\"name\":\"DS4M Mediterr\u00e1neo \u2013 Participaci\u00f3n en la Primera Reuni\u00f3n Regional para Am\u00e9rica Latina\",\"isPartOf\":{\"@id\":\"https:\\\/\\\/ds4mmed.uv.es\\\/#website\"},\"primaryImageOfPage\":{\"@id\":\"https:\\\/\\\/ds4mmed.uv.es\\\/index.php\\\/es\\\/reunion-regional-america-latina-ds4m\\\/#primaryimage\"},\"image\":{\"@id\":\"https:\\\/\\\/ds4mmed.uv.es\\\/index.php\\\/es\\\/reunion-regional-america-latina-ds4m\\\/#primaryimage\"},\"thumbnailUrl\":\"https:\\\/\\\/ds4mmed.uv.es\\\/wp-content\\\/uploads\\\/2025\\\/11\\\/Noticia25.png\",\"datePublished\":\"2025-10-31T10:55:22+00:00\",\"dateModified\":\"2025-11-26T08:27:27+00:00\",\"description\":\"Representantes de DS4M Mediterr\u00e1neo participaron en la Primera Reuni\u00f3n Regional para Am\u00e9rica Latina en M\u00e9xico, donde se present\u00f3 el estudio sobre la \u201cLicencia por puntos\u201d y se destac\u00f3 el papel del proyecto en la digitalizaci\u00f3n e innovaci\u00f3n de los sistemas de transporte.\",\"breadcrumb\":{\"@id\":\"https:\\\/\\\/ds4mmed.uv.es\\\/index.php\\\/es\\\/reunion-regional-america-latina-ds4m\\\/#breadcrumb\"},\"inLanguage\":\"es\",\"potentialAction\":[{\"@type\":\"ReadAction\",\"target\":[\"https:\\\/\\\/ds4mmed.uv.es\\\/index.php\\\/es\\\/reunion-regional-america-latina-ds4m\\\/\"]}]},{\"@type\":\"ImageObject\",\"inLanguage\":\"es\",\"@id\":\"https:\\\/\\\/ds4mmed.uv.es\\\/index.php\\\/es\\\/reunion-regional-america-latina-ds4m\\\/#primaryimage\",\"url\":\"https:\\\/\\\/ds4mmed.uv.es\\\/wp-content\\\/uploads\\\/2025\\\/11\\\/Noticia25.png\",\"contentUrl\":\"https:\\\/\\\/ds4mmed.uv.es\\\/wp-content\\\/uploads\\\/2025\\\/11\\\/Noticia25.png\",\"width\":857,\"height\":599},{\"@type\":\"BreadcrumbList\",\"@id\":\"https:\\\/\\\/ds4mmed.uv.es\\\/index.php\\\/es\\\/reunion-regional-america-latina-ds4m\\\/#breadcrumb\",\"itemListElement\":[{\"@type\":\"ListItem\",\"position\":1,\"name\":\"Portada\",\"item\":\"https:\\\/\\\/ds4mmed.uv.es\\\/index.php\\\/es\\\/\"},{\"@type\":\"ListItem\",\"position\":2,\"name\":\"Noticia 2 &#8211; La digitalizaci\u00f3n y la innovaci\u00f3n de los sistemas de transporte: Representantes del proyecto DS4M Mediterr\u00e1neo presentes en la Primera Reuni\u00f3n Regional para Am\u00e9rica Latina\"}]},{\"@type\":\"WebSite\",\"@id\":\"https:\\\/\\\/ds4mmed.uv.es\\\/#website\",\"url\":\"https:\\\/\\\/ds4mmed.uv.es\\\/\",\"name\":\"DS4M Mediterr\u00e1neo\",\"description\":\"\",\"publisher\":{\"@id\":\"https:\\\/\\\/ds4mmed.uv.es\\\/#organization\"},\"potentialAction\":[{\"@type\":\"SearchAction\",\"target\":{\"@type\":\"EntryPoint\",\"urlTemplate\":\"https:\\\/\\\/ds4mmed.uv.es\\\/?s={search_term_string}\"},\"query-input\":{\"@type\":\"PropertyValueSpecification\",\"valueRequired\":true,\"valueName\":\"search_term_string\"}}],\"inLanguage\":\"es\"},{\"@type\":\"Organization\",\"@id\":\"https:\\\/\\\/ds4mmed.uv.es\\\/#organization\",\"name\":\"DS4M Mediterr\u00e1neo\",\"url\":\"https:\\\/\\\/ds4mmed.uv.es\\\/\",\"logo\":{\"@type\":\"ImageObject\",\"inLanguage\":\"es\",\"@id\":\"https:\\\/\\\/ds4mmed.uv.es\\\/#\\\/schema\\\/logo\\\/image\\\/\",\"url\":\"https:\\\/\\\/ds4mmed.uv.es\\\/wp-content\\\/uploads\\\/2025\\\/07\\\/Logo-cambio-resolucion-scaled.png\",\"contentUrl\":\"https:\\\/\\\/ds4mmed.uv.es\\\/wp-content\\\/uploads\\\/2025\\\/07\\\/Logo-cambio-resolucion-scaled.png\",\"width\":2560,\"height\":980,\"caption\":\"DS4M Mediterr\u00e1neo\"},\"image\":{\"@id\":\"https:\\\/\\\/ds4mmed.uv.es\\\/#\\\/schema\\\/logo\\\/image\\\/\"}}]}<\/script>\n<!-- \/ Yoast SEO plugin. -->","yoast_head_json":{"title":"DS4M Mediterr\u00e1neo \u2013 Participaci\u00f3n en la Primera Reuni\u00f3n Regional para Am\u00e9rica Latina","description":"Representantes de DS4M Mediterr\u00e1neo participaron en la Primera Reuni\u00f3n Regional para Am\u00e9rica Latina en M\u00e9xico, donde se present\u00f3 el estudio sobre la \u201cLicencia por puntos\u201d y se destac\u00f3 el papel del proyecto en la digitalizaci\u00f3n e innovaci\u00f3n de los sistemas de transporte.","robots":{"index":"index","follow":"follow","max-snippet":"max-snippet:-1","max-image-preview":"max-image-preview:large","max-video-preview":"max-video-preview:-1"},"canonical":"https:\/\/ds4mmed.uv.es\/index.php\/es\/reunion-regional-america-latina-ds4m\/","og_locale":"es_ES","og_type":"article","og_title":"DS4M Mediterr\u00e1neo \u2013 Participaci\u00f3n en la Primera Reuni\u00f3n Regional para Am\u00e9rica Latina","og_description":"Representantes de DS4M Mediterr\u00e1neo participaron en la Primera Reuni\u00f3n Regional para Am\u00e9rica Latina en M\u00e9xico, donde se present\u00f3 el estudio sobre la \u201cLicencia por puntos\u201d y se destac\u00f3 el papel del proyecto en la digitalizaci\u00f3n e innovaci\u00f3n de los sistemas de transporte.","og_url":"https:\/\/ds4mmed.uv.es\/index.php\/es\/reunion-regional-america-latina-ds4m\/","og_site_name":"DS4M Mediterr\u00e1neo","article_modified_time":"2025-11-26T08:27:27+00:00","og_image":[{"url":"https:\/\/ds4mmed.uv.es\/wp-content\/uploads\/2025\/11\/Noticia25.png","type":"","width":"","height":""}],"twitter_card":"summary_large_image","twitter_misc":{"Tiempo de lectura":"2 minutos"},"schema":{"@context":"https:\/\/schema.org","@graph":[{"@type":"WebPage","@id":"https:\/\/ds4mmed.uv.es\/index.php\/es\/reunion-regional-america-latina-ds4m\/","url":"https:\/\/ds4mmed.uv.es\/index.php\/es\/reunion-regional-america-latina-ds4m\/","name":"DS4M Mediterr\u00e1neo \u2013 Participaci\u00f3n en la Primera Reuni\u00f3n Regional para Am\u00e9rica Latina","isPartOf":{"@id":"https:\/\/ds4mmed.uv.es\/#website"},"primaryImageOfPage":{"@id":"https:\/\/ds4mmed.uv.es\/index.php\/es\/reunion-regional-america-latina-ds4m\/#primaryimage"},"image":{"@id":"https:\/\/ds4mmed.uv.es\/index.php\/es\/reunion-regional-america-latina-ds4m\/#primaryimage"},"thumbnailUrl":"https:\/\/ds4mmed.uv.es\/wp-content\/uploads\/2025\/11\/Noticia25.png","datePublished":"2025-10-31T10:55:22+00:00","dateModified":"2025-11-26T08:27:27+00:00","description":"Representantes de DS4M Mediterr\u00e1neo participaron en la Primera Reuni\u00f3n Regional para Am\u00e9rica Latina en M\u00e9xico, donde se present\u00f3 el estudio sobre la \u201cLicencia por puntos\u201d y se destac\u00f3 el papel del proyecto en la digitalizaci\u00f3n e innovaci\u00f3n de los sistemas de transporte.","breadcrumb":{"@id":"https:\/\/ds4mmed.uv.es\/index.php\/es\/reunion-regional-america-latina-ds4m\/#breadcrumb"},"inLanguage":"es","potentialAction":[{"@type":"ReadAction","target":["https:\/\/ds4mmed.uv.es\/index.php\/es\/reunion-regional-america-latina-ds4m\/"]}]},{"@type":"ImageObject","inLanguage":"es","@id":"https:\/\/ds4mmed.uv.es\/index.php\/es\/reunion-regional-america-latina-ds4m\/#primaryimage","url":"https:\/\/ds4mmed.uv.es\/wp-content\/uploads\/2025\/11\/Noticia25.png","contentUrl":"https:\/\/ds4mmed.uv.es\/wp-content\/uploads\/2025\/11\/Noticia25.png","width":857,"height":599},{"@type":"BreadcrumbList","@id":"https:\/\/ds4mmed.uv.es\/index.php\/es\/reunion-regional-america-latina-ds4m\/#breadcrumb","itemListElement":[{"@type":"ListItem","position":1,"name":"Portada","item":"https:\/\/ds4mmed.uv.es\/index.php\/es\/"},{"@type":"ListItem","position":2,"name":"Noticia 2 &#8211; La digitalizaci\u00f3n y la innovaci\u00f3n de los sistemas de transporte: Representantes del proyecto DS4M Mediterr\u00e1neo presentes en la Primera Reuni\u00f3n Regional para Am\u00e9rica Latina"}]},{"@type":"WebSite","@id":"https:\/\/ds4mmed.uv.es\/#website","url":"https:\/\/ds4mmed.uv.es\/","name":"DS4M Mediterr\u00e1neo","description":"","publisher":{"@id":"https:\/\/ds4mmed.uv.es\/#organization"},"potentialAction":[{"@type":"SearchAction","target":{"@type":"EntryPoint","urlTemplate":"https:\/\/ds4mmed.uv.es\/?s={search_term_string}"},"query-input":{"@type":"PropertyValueSpecification","valueRequired":true,"valueName":"search_term_string"}}],"inLanguage":"es"},{"@type":"Organization","@id":"https:\/\/ds4mmed.uv.es\/#organization","name":"DS4M Mediterr\u00e1neo","url":"https:\/\/ds4mmed.uv.es\/","logo":{"@type":"ImageObject","inLanguage":"es","@id":"https:\/\/ds4mmed.uv.es\/#\/schema\/logo\/image\/","url":"https:\/\/ds4mmed.uv.es\/wp-content\/uploads\/2025\/07\/Logo-cambio-resolucion-scaled.png","contentUrl":"https:\/\/ds4mmed.uv.es\/wp-content\/uploads\/2025\/07\/Logo-cambio-resolucion-scaled.png","width":2560,"height":980,"caption":"DS4M Mediterr\u00e1neo"},"image":{"@id":"https:\/\/ds4mmed.uv.es\/#\/schema\/logo\/image\/"}}]}},"_links":{"self":[{"href":"https:\/\/ds4mmed.uv.es\/index.php\/wp-json\/wp\/v2\/pages\/3473","targetHints":{"allow":["GET"]}}],"collection":[{"href":"https:\/\/ds4mmed.uv.es\/index.php\/wp-json\/wp\/v2\/pages"}],"about":[{"href":"https:\/\/ds4mmed.uv.es\/index.php\/wp-json\/wp\/v2\/types\/page"}],"author":[{"embeddable":true,"href":"https:\/\/ds4mmed.uv.es\/index.php\/wp-json\/wp\/v2\/users\/1"}],"replies":[{"embeddable":true,"href":"https:\/\/ds4mmed.uv.es\/index.php\/wp-json\/wp\/v2\/comments?post=3473"}],"version-history":[{"count":31,"href":"https:\/\/ds4mmed.uv.es\/index.php\/wp-json\/wp\/v2\/pages\/3473\/revisions"}],"predecessor-version":[{"id":9007,"href":"https:\/\/ds4mmed.uv.es\/index.php\/wp-json\/wp\/v2\/pages\/3473\/revisions\/9007"}],"wp:attachment":[{"href":"https:\/\/ds4mmed.uv.es\/index.php\/wp-json\/wp\/v2\/media?parent=3473"}],"curies":[{"name":"wp","href":"https:\/\/api.w.org\/{rel}","templated":true}]}}