{"id":14628,"date":"2026-03-23T12:00:06","date_gmt":"2026-03-23T11:00:06","guid":{"rendered":"https:\/\/ds4mmed.uv.es\/?page_id=14628"},"modified":"2026-03-23T12:37:34","modified_gmt":"2026-03-23T11:37:34","slug":"prof-francisco-alonso-emobility-expo-malaga-dynamic-certification","status":"publish","type":"page","link":"https:\/\/ds4mmed.uv.es\/index.php\/en\/prof-francisco-alonso-emobility-expo-malaga-dynamic-certification\/","title":{"rendered":"Noticia 37 &#8211; DS4M Mediterr\u00e1neo Explores Dynamic Certification at the eMobility Expo World Congress in M\u00e1laga"},"content":{"rendered":"\t\t<div data-elementor-type=\"wp-page\" data-elementor-id=\"14628\" class=\"elementor elementor-14628\">\n\t\t\t\t<div class=\"elementor-element elementor-element-6c62525 e-flex e-con-boxed e-con e-child\" data-id=\"6c62525\" data-element_type=\"container\" data-e-type=\"container\" data-settings=\"{&quot;background_background&quot;:&quot;classic&quot;}\">\n\t\t\t\t\t<div class=\"e-con-inner\">\n\t\t<div class=\"elementor-element elementor-element-6debc5d e-con-full e-flex e-con e-child\" data-id=\"6debc5d\" data-element_type=\"container\" data-e-type=\"container\">\n\t\t<div class=\"elementor-element elementor-element-3b5bf26 e-con-full e-flex elementor-invisible e-con e-child\" data-id=\"3b5bf26\" data-element_type=\"container\" data-e-type=\"container\" data-settings=\"{&quot;animation&quot;:&quot;fadeInLeft&quot;}\">\n\t\t\t\t<div class=\"elementor-element elementor-element-da9e6f3 elementor-widget elementor-widget-heading\" data-id=\"da9e6f3\" data-element_type=\"widget\" data-e-type=\"widget\" data-widget_type=\"heading.default\">\n\t\t\t\t\t<h1 class=\"elementor-heading-title elementor-size-default\">DS4M Mediterr\u00e1neo Explores Dynamic Certification as a Pillar of Trust at the eMobility Expo World Congress in M\u00e1laga<\/h1>\t\t\t\t<\/div>\n\t\t\t\t<div class=\"elementor-element elementor-element-e2a4a87 elementor-icon-list--layout-inline elementor-align-center elementor-list-item-link-full_width elementor-widget elementor-widget-icon-list\" data-id=\"e2a4a87\" data-element_type=\"widget\" data-e-type=\"widget\" data-widget_type=\"icon-list.default\">\n\t\t\t\t\t\t\t<ul class=\"elementor-icon-list-items elementor-inline-items\">\n\t\t\t\t\t\t\t<li class=\"elementor-icon-list-item elementor-inline-item\">\n\t\t\t\t\t\t\t\t\t\t<span class=\"elementor-icon-list-text\">March 15, 2026<\/span>\n\t\t\t\t\t\t\t\t\t<\/li>\n\t\t\t\t\t\t<\/ul>\n\t\t\t\t\t\t<\/div>\n\t\t\t\t<\/div>\n\t\t\t\t<div class=\"elementor-element elementor-element-89ea136 elementor-invisible elementor-widget elementor-widget-image\" data-id=\"89ea136\" data-element_type=\"widget\" data-e-type=\"widget\" data-settings=\"{&quot;_animation&quot;:&quot;fadeInRight&quot;}\" data-widget_type=\"image.default\">\n\t\t\t\t\t\t\t\t\t\t\t\t\t\t\t<img decoding=\"async\" src=\"https:\/\/ds4mmed.uv.es\/wp-content\/uploads\/2026\/03\/emobility2026.jpg\" title=\"\" alt=\"\" loading=\"lazy\" \/>\t\t\t\t\t\t\t\t\t\t\t\t\t\t\t<\/div>\n\t\t\t\t<\/div>\n\t\t<div class=\"elementor-element elementor-element-aac12f8 e-con-full e-flex elementor-invisible e-con e-child\" data-id=\"aac12f8\" data-element_type=\"container\" data-e-type=\"container\" data-settings=\"{&quot;animation&quot;:&quot;fadeInUp&quot;}\">\n\t\t\t\t<div class=\"elementor-element elementor-element-0c8df65 elementor-widget__width-initial elementor-widget-mobile__width-inherit elementor-widget-tablet__width-inherit elementor-widget elementor-widget-text-editor\" data-id=\"0c8df65\" data-element_type=\"widget\" data-e-type=\"widget\" data-widget_type=\"text-editor.default\">\n\t\t\t\t\t\t\t\t\t<div class=\"ewa-rteLine\"><div class=\"ewa-rteLine\"><blockquote data-path-to-node=\"17\"><p data-path-to-node=\"17\">On March 10, <b data-path-to-node=\"17\" data-index-in-node=\"13\">Prof. Dr. Francisco Alonso<\/b>, representing <b data-path-to-node=\"17\" data-index-in-node=\"54\">DS4M Mediterr\u00e1neo (Universitat de Val\u00e8ncia)<\/b>, took part in the panel discussion <b data-path-to-node=\"17\" data-index-in-node=\"133\">\u00abDynamic Certification: The DNA of Trust in Data Spaces,\u00bb<\/b> held during the <b data-path-to-node=\"17\" data-index-in-node=\"207\">eMobility Expo World Congress &#8211; MOW<\/b> in M\u00e1laga. This congress is recognized as one of Europe\u2019s leading forums for sustainable, connected, and digital mobility.<\/p><p data-path-to-node=\"18\"><b data-path-to-node=\"18\" data-index-in-node=\"0\">Dynamic Certification: The DNA of Trust<\/b> The session brought together experts from academia, technology, and innovation to discuss the role of dynamic certification as a key mechanism for building trust within data spaces. During the debate, it was emphasized that certification should not be a static process, but rather a living element that ensures <b data-path-to-node=\"18\" data-index-in-node=\"351\">interoperability<\/b>, <b data-path-to-node=\"18\" data-index-in-node=\"369\">governance<\/b>, and <b data-path-to-node=\"18\" data-index-in-node=\"385\">secure data exchange<\/b> between organizations in real-time.<\/p><p data-path-to-node=\"19\">The discussion featured a high-level panel:<\/p><ul data-path-to-node=\"20\"><li><p data-path-to-node=\"20,0,0\"><b data-path-to-node=\"20,0,0\" data-index-in-node=\"0\">Moderator:<\/b> Antonio Garc\u00eda Celda (General Director of European Green Capital, Valencia City Council).<\/p><\/li><li><p data-path-to-node=\"20,1,0\"><b data-path-to-node=\"20,1,0\" data-index-in-node=\"0\">David Torres Garc\u00eda:<\/b> Technical Director at Kiwa Spain.<\/p><\/li><li><p data-path-to-node=\"20,2,0\"><b data-path-to-node=\"20,2,0\" data-index-in-node=\"0\">Armando Ortu\u00f1o-Padilla:<\/b> General Director of the Hydrogen Valley of the Valencian Community.<\/p><\/li><\/ul><p data-path-to-node=\"21\"><b data-path-to-node=\"21\" data-index-in-node=\"0\">A Pillar for Data Sovereignty<\/b> During the event, Prof. Dr. Alonso highlighted that for mobility data spaces\u2014such as <b data-path-to-node=\"21\" data-index-in-node=\"115\">DS4M Mediterr\u00e1neo<\/b>\u2014to be fully operational and scalable, technical and legal trust is non-negotiable. Dynamic certification acts as the \u00abDNA\u00bb that continuously validates that all participants comply with sovereignty and security standards, ensuring that data flows lead to more efficient and responsible mobility.<\/p><p data-path-to-node=\"22\">DS4M Mediterr\u00e1neo would like to thank the organizers of the eMobility Expo World Congress for the opportunity to contribute to this strategic dialogue on the digital future of our cities.<\/p><\/blockquote><\/div><\/div>\t\t\t\t\t\t\t\t<\/div>\n\t\t\t\t<\/div>\n\t\t\t\t\t<\/div>\n\t\t\t\t<\/div>\n\t\t\t\t<\/div>\n\t\t","protected":false},"excerpt":{"rendered":"<p>DS4M Mediterr\u00e1neo Explores Dynamic Certification as a Pillar of Trust at the eMobility Expo World Congress in M\u00e1laga March 15, 2026 On March 10, Prof. Dr. Francisco Alonso, representing DS4M Mediterr\u00e1neo (Universitat de Val\u00e8ncia), took part in the panel discussion \u00abDynamic Certification: The DNA of Trust in Data Spaces,\u00bb held during the eMobility Expo World [&hellip;]<\/p>\n","protected":false},"author":1,"featured_media":0,"parent":0,"menu_order":0,"comment_status":"closed","ping_status":"closed","template":"","meta":{"footnotes":""},"class_list":["post-14628","page","type-page","status-publish","hentry"],"yoast_head":"<!-- This site is optimized with the Yoast SEO plugin v27.4 - https:\/\/yoast.com\/product\/yoast-seo-wordpress\/ -->\n<title>eMobility Expo M\u00e1laga: Prof. Dr. Francisco Alonso &amp; DS4M<\/title>\n<meta name=\"description\" content=\"Prof. Dr. Francisco Alonso (DS4M) discusses dynamic certification and trust in data spaces at the eMobility Expo World Congress in M\u00e1laga.\" \/>\n<meta name=\"robots\" content=\"index, follow, max-snippet:-1, max-image-preview:large, max-video-preview:-1\" \/>\n<link rel=\"canonical\" href=\"https:\/\/ds4mmed.uv.es\/index.php\/en\/prof-francisco-alonso-emobility-expo-malaga-dynamic-certification\/\" \/>\n<meta property=\"og:locale\" content=\"es_ES\" \/>\n<meta property=\"og:type\" content=\"article\" \/>\n<meta property=\"og:title\" content=\"eMobility Expo M\u00e1laga: Prof. Dr. Francisco Alonso &amp; DS4M\" \/>\n<meta property=\"og:description\" content=\"Prof. Dr. Francisco Alonso (DS4M) discusses dynamic certification and trust in data spaces at the eMobility Expo World Congress in M\u00e1laga.\" \/>\n<meta property=\"og:url\" content=\"https:\/\/ds4mmed.uv.es\/index.php\/en\/prof-francisco-alonso-emobility-expo-malaga-dynamic-certification\/\" \/>\n<meta property=\"og:site_name\" content=\"DS4M Mediterr\u00e1neo\" \/>\n<meta property=\"article:modified_time\" content=\"2026-03-23T11:37:34+00:00\" \/>\n<meta property=\"og:image\" content=\"https:\/\/ds4mmed.uv.es\/wp-content\/uploads\/2026\/03\/emobility2026.jpg\" \/>\n<meta name=\"twitter:card\" content=\"summary_large_image\" \/>\n<meta name=\"twitter:label1\" content=\"Tiempo de lectura\" \/>\n\t<meta name=\"twitter:data1\" content=\"1 minuto\" \/>\n<script type=\"application\/ld+json\" class=\"yoast-schema-graph\">{\"@context\":\"https:\\\/\\\/schema.org\",\"@graph\":[{\"@type\":\"WebPage\",\"@id\":\"https:\\\/\\\/ds4mmed.uv.es\\\/index.php\\\/en\\\/prof-francisco-alonso-emobility-expo-malaga-dynamic-certification\\\/\",\"url\":\"https:\\\/\\\/ds4mmed.uv.es\\\/index.php\\\/en\\\/prof-francisco-alonso-emobility-expo-malaga-dynamic-certification\\\/\",\"name\":\"eMobility Expo M\u00e1laga: Prof. Dr. Francisco Alonso & DS4M\",\"isPartOf\":{\"@id\":\"https:\\\/\\\/ds4mmed.uv.es\\\/#website\"},\"primaryImageOfPage\":{\"@id\":\"https:\\\/\\\/ds4mmed.uv.es\\\/index.php\\\/en\\\/prof-francisco-alonso-emobility-expo-malaga-dynamic-certification\\\/#primaryimage\"},\"image\":{\"@id\":\"https:\\\/\\\/ds4mmed.uv.es\\\/index.php\\\/en\\\/prof-francisco-alonso-emobility-expo-malaga-dynamic-certification\\\/#primaryimage\"},\"thumbnailUrl\":\"https:\\\/\\\/ds4mmed.uv.es\\\/wp-content\\\/uploads\\\/2026\\\/03\\\/emobility2026.jpg\",\"datePublished\":\"2026-03-23T11:00:06+00:00\",\"dateModified\":\"2026-03-23T11:37:34+00:00\",\"description\":\"Prof. Dr. Francisco Alonso (DS4M) discusses dynamic certification and trust in data spaces at the eMobility Expo World Congress in M\u00e1laga.\",\"breadcrumb\":{\"@id\":\"https:\\\/\\\/ds4mmed.uv.es\\\/index.php\\\/en\\\/prof-francisco-alonso-emobility-expo-malaga-dynamic-certification\\\/#breadcrumb\"},\"inLanguage\":\"es\",\"potentialAction\":[{\"@type\":\"ReadAction\",\"target\":[\"https:\\\/\\\/ds4mmed.uv.es\\\/index.php\\\/en\\\/prof-francisco-alonso-emobility-expo-malaga-dynamic-certification\\\/\"]}]},{\"@type\":\"ImageObject\",\"inLanguage\":\"es\",\"@id\":\"https:\\\/\\\/ds4mmed.uv.es\\\/index.php\\\/en\\\/prof-francisco-alonso-emobility-expo-malaga-dynamic-certification\\\/#primaryimage\",\"url\":\"https:\\\/\\\/ds4mmed.uv.es\\\/wp-content\\\/uploads\\\/2026\\\/03\\\/emobility2026.jpg\",\"contentUrl\":\"https:\\\/\\\/ds4mmed.uv.es\\\/wp-content\\\/uploads\\\/2026\\\/03\\\/emobility2026.jpg\",\"width\":1200,\"height\":1600},{\"@type\":\"BreadcrumbList\",\"@id\":\"https:\\\/\\\/ds4mmed.uv.es\\\/index.php\\\/en\\\/prof-francisco-alonso-emobility-expo-malaga-dynamic-certification\\\/#breadcrumb\",\"itemListElement\":[{\"@type\":\"ListItem\",\"position\":1,\"name\":\"Portada\",\"item\":\"https:\\\/\\\/ds4mmed.uv.es\\\/index.php\\\/es\\\/\"},{\"@type\":\"ListItem\",\"position\":2,\"name\":\"Noticia 37 &#8211; DS4M Mediterr\u00e1neo Explores Dynamic Certification at the eMobility Expo World Congress in M\u00e1laga\"}]},{\"@type\":\"WebSite\",\"@id\":\"https:\\\/\\\/ds4mmed.uv.es\\\/#website\",\"url\":\"https:\\\/\\\/ds4mmed.uv.es\\\/\",\"name\":\"DS4M Mediterr\u00e1neo\",\"description\":\"\",\"publisher\":{\"@id\":\"https:\\\/\\\/ds4mmed.uv.es\\\/#organization\"},\"potentialAction\":[{\"@type\":\"SearchAction\",\"target\":{\"@type\":\"EntryPoint\",\"urlTemplate\":\"https:\\\/\\\/ds4mmed.uv.es\\\/?s={search_term_string}\"},\"query-input\":{\"@type\":\"PropertyValueSpecification\",\"valueRequired\":true,\"valueName\":\"search_term_string\"}}],\"inLanguage\":\"es\"},{\"@type\":\"Organization\",\"@id\":\"https:\\\/\\\/ds4mmed.uv.es\\\/#organization\",\"name\":\"DS4M Mediterr\u00e1neo\",\"url\":\"https:\\\/\\\/ds4mmed.uv.es\\\/\",\"logo\":{\"@type\":\"ImageObject\",\"inLanguage\":\"es\",\"@id\":\"https:\\\/\\\/ds4mmed.uv.es\\\/#\\\/schema\\\/logo\\\/image\\\/\",\"url\":\"https:\\\/\\\/ds4mmed.uv.es\\\/wp-content\\\/uploads\\\/2025\\\/07\\\/Logo-cambio-resolucion-scaled.png\",\"contentUrl\":\"https:\\\/\\\/ds4mmed.uv.es\\\/wp-content\\\/uploads\\\/2025\\\/07\\\/Logo-cambio-resolucion-scaled.png\",\"width\":2560,\"height\":980,\"caption\":\"DS4M Mediterr\u00e1neo\"},\"image\":{\"@id\":\"https:\\\/\\\/ds4mmed.uv.es\\\/#\\\/schema\\\/logo\\\/image\\\/\"}}]}<\/script>\n<!-- \/ Yoast SEO plugin. -->","yoast_head_json":{"title":"eMobility Expo M\u00e1laga: Prof. Dr. Francisco Alonso & DS4M","description":"Prof. Dr. Francisco Alonso (DS4M) discusses dynamic certification and trust in data spaces at the eMobility Expo World Congress in M\u00e1laga.","robots":{"index":"index","follow":"follow","max-snippet":"max-snippet:-1","max-image-preview":"max-image-preview:large","max-video-preview":"max-video-preview:-1"},"canonical":"https:\/\/ds4mmed.uv.es\/index.php\/en\/prof-francisco-alonso-emobility-expo-malaga-dynamic-certification\/","og_locale":"es_ES","og_type":"article","og_title":"eMobility Expo M\u00e1laga: Prof. Dr. Francisco Alonso & DS4M","og_description":"Prof. Dr. Francisco Alonso (DS4M) discusses dynamic certification and trust in data spaces at the eMobility Expo World Congress in M\u00e1laga.","og_url":"https:\/\/ds4mmed.uv.es\/index.php\/en\/prof-francisco-alonso-emobility-expo-malaga-dynamic-certification\/","og_site_name":"DS4M Mediterr\u00e1neo","article_modified_time":"2026-03-23T11:37:34+00:00","og_image":[{"url":"https:\/\/ds4mmed.uv.es\/wp-content\/uploads\/2026\/03\/emobility2026.jpg","type":"","width":"","height":""}],"twitter_card":"summary_large_image","twitter_misc":{"Tiempo de lectura":"1 minuto"},"schema":{"@context":"https:\/\/schema.org","@graph":[{"@type":"WebPage","@id":"https:\/\/ds4mmed.uv.es\/index.php\/en\/prof-francisco-alonso-emobility-expo-malaga-dynamic-certification\/","url":"https:\/\/ds4mmed.uv.es\/index.php\/en\/prof-francisco-alonso-emobility-expo-malaga-dynamic-certification\/","name":"eMobility Expo M\u00e1laga: Prof. Dr. Francisco Alonso & DS4M","isPartOf":{"@id":"https:\/\/ds4mmed.uv.es\/#website"},"primaryImageOfPage":{"@id":"https:\/\/ds4mmed.uv.es\/index.php\/en\/prof-francisco-alonso-emobility-expo-malaga-dynamic-certification\/#primaryimage"},"image":{"@id":"https:\/\/ds4mmed.uv.es\/index.php\/en\/prof-francisco-alonso-emobility-expo-malaga-dynamic-certification\/#primaryimage"},"thumbnailUrl":"https:\/\/ds4mmed.uv.es\/wp-content\/uploads\/2026\/03\/emobility2026.jpg","datePublished":"2026-03-23T11:00:06+00:00","dateModified":"2026-03-23T11:37:34+00:00","description":"Prof. Dr. Francisco Alonso (DS4M) discusses dynamic certification and trust in data spaces at the eMobility Expo World Congress in M\u00e1laga.","breadcrumb":{"@id":"https:\/\/ds4mmed.uv.es\/index.php\/en\/prof-francisco-alonso-emobility-expo-malaga-dynamic-certification\/#breadcrumb"},"inLanguage":"es","potentialAction":[{"@type":"ReadAction","target":["https:\/\/ds4mmed.uv.es\/index.php\/en\/prof-francisco-alonso-emobility-expo-malaga-dynamic-certification\/"]}]},{"@type":"ImageObject","inLanguage":"es","@id":"https:\/\/ds4mmed.uv.es\/index.php\/en\/prof-francisco-alonso-emobility-expo-malaga-dynamic-certification\/#primaryimage","url":"https:\/\/ds4mmed.uv.es\/wp-content\/uploads\/2026\/03\/emobility2026.jpg","contentUrl":"https:\/\/ds4mmed.uv.es\/wp-content\/uploads\/2026\/03\/emobility2026.jpg","width":1200,"height":1600},{"@type":"BreadcrumbList","@id":"https:\/\/ds4mmed.uv.es\/index.php\/en\/prof-francisco-alonso-emobility-expo-malaga-dynamic-certification\/#breadcrumb","itemListElement":[{"@type":"ListItem","position":1,"name":"Portada","item":"https:\/\/ds4mmed.uv.es\/index.php\/es\/"},{"@type":"ListItem","position":2,"name":"Noticia 37 &#8211; DS4M Mediterr\u00e1neo Explores Dynamic Certification at the eMobility Expo World Congress in M\u00e1laga"}]},{"@type":"WebSite","@id":"https:\/\/ds4mmed.uv.es\/#website","url":"https:\/\/ds4mmed.uv.es\/","name":"DS4M Mediterr\u00e1neo","description":"","publisher":{"@id":"https:\/\/ds4mmed.uv.es\/#organization"},"potentialAction":[{"@type":"SearchAction","target":{"@type":"EntryPoint","urlTemplate":"https:\/\/ds4mmed.uv.es\/?s={search_term_string}"},"query-input":{"@type":"PropertyValueSpecification","valueRequired":true,"valueName":"search_term_string"}}],"inLanguage":"es"},{"@type":"Organization","@id":"https:\/\/ds4mmed.uv.es\/#organization","name":"DS4M Mediterr\u00e1neo","url":"https:\/\/ds4mmed.uv.es\/","logo":{"@type":"ImageObject","inLanguage":"es","@id":"https:\/\/ds4mmed.uv.es\/#\/schema\/logo\/image\/","url":"https:\/\/ds4mmed.uv.es\/wp-content\/uploads\/2025\/07\/Logo-cambio-resolucion-scaled.png","contentUrl":"https:\/\/ds4mmed.uv.es\/wp-content\/uploads\/2025\/07\/Logo-cambio-resolucion-scaled.png","width":2560,"height":980,"caption":"DS4M Mediterr\u00e1neo"},"image":{"@id":"https:\/\/ds4mmed.uv.es\/#\/schema\/logo\/image\/"}}]}},"_links":{"self":[{"href":"https:\/\/ds4mmed.uv.es\/index.php\/wp-json\/wp\/v2\/pages\/14628","targetHints":{"allow":["GET"]}}],"collection":[{"href":"https:\/\/ds4mmed.uv.es\/index.php\/wp-json\/wp\/v2\/pages"}],"about":[{"href":"https:\/\/ds4mmed.uv.es\/index.php\/wp-json\/wp\/v2\/types\/page"}],"author":[{"embeddable":true,"href":"https:\/\/ds4mmed.uv.es\/index.php\/wp-json\/wp\/v2\/users\/1"}],"replies":[{"embeddable":true,"href":"https:\/\/ds4mmed.uv.es\/index.php\/wp-json\/wp\/v2\/comments?post=14628"}],"version-history":[{"count":8,"href":"https:\/\/ds4mmed.uv.es\/index.php\/wp-json\/wp\/v2\/pages\/14628\/revisions"}],"predecessor-version":[{"id":14706,"href":"https:\/\/ds4mmed.uv.es\/index.php\/wp-json\/wp\/v2\/pages\/14628\/revisions\/14706"}],"wp:attachment":[{"href":"https:\/\/ds4mmed.uv.es\/index.php\/wp-json\/wp\/v2\/media?parent=14628"}],"curies":[{"name":"wp","href":"https:\/\/api.w.org\/{rel}","templated":true}]}}