{"id":13883,"date":"2026-03-09T09:29:51","date_gmt":"2026-03-09T08:29:51","guid":{"rendered":"https:\/\/ds4mmed.uv.es\/?page_id=13883"},"modified":"2026-03-09T09:50:08","modified_gmt":"2026-03-09T08:50:08","slug":"francisco-alonso-xiii-jornada-ciudades-seguras-sostenibles-inteligentes","status":"publish","type":"page","link":"https:\/\/ds4mmed.uv.es\/index.php\/es\/francisco-alonso-xiii-jornada-ciudades-seguras-sostenibles-inteligentes\/","title":{"rendered":"Noticia 36 &#8211; El Prof. Dr. Francisco Alonso analiza la tecnolog\u00eda urbana y la toma de decisiones en la XIII Jornada sobre Ciudades Seguras, Sostenibles e Inteligentes"},"content":{"rendered":"\t\t<div data-elementor-type=\"wp-page\" data-elementor-id=\"13883\" class=\"elementor elementor-13883\">\n\t\t\t\t<div class=\"elementor-element elementor-element-6c62525 e-flex e-con-boxed e-con e-child\" data-id=\"6c62525\" data-element_type=\"container\" data-e-type=\"container\" data-settings=\"{&quot;background_background&quot;:&quot;classic&quot;}\">\n\t\t\t\t\t<div class=\"e-con-inner\">\n\t\t<div class=\"elementor-element elementor-element-6debc5d e-con-full e-flex e-con e-child\" data-id=\"6debc5d\" data-element_type=\"container\" data-e-type=\"container\">\n\t\t<div class=\"elementor-element elementor-element-3b5bf26 e-con-full e-flex elementor-invisible e-con e-child\" data-id=\"3b5bf26\" data-element_type=\"container\" data-e-type=\"container\" data-settings=\"{&quot;animation&quot;:&quot;fadeInLeft&quot;}\">\n\t\t\t\t<div class=\"elementor-element elementor-element-da9e6f3 elementor-widget elementor-widget-heading\" data-id=\"da9e6f3\" data-element_type=\"widget\" data-e-type=\"widget\" data-widget_type=\"heading.default\">\n\t\t\t\t\t<h1 class=\"elementor-heading-title elementor-size-default\">El Prof. Dr. Francisco Alonso analiza el impacto real de la tecnolog\u00eda urbana en la XIII Jornada sobre Ciudades Seguras, Sostenibles e Inteligentes<\/h1>\t\t\t\t<\/div>\n\t\t\t\t<div class=\"elementor-element elementor-element-e2a4a87 elementor-icon-list--layout-inline elementor-align-center elementor-list-item-link-full_width elementor-widget elementor-widget-icon-list\" data-id=\"e2a4a87\" data-element_type=\"widget\" data-e-type=\"widget\" data-widget_type=\"icon-list.default\">\n\t\t\t\t\t\t\t<ul class=\"elementor-icon-list-items elementor-inline-items\">\n\t\t\t\t\t\t\t<li class=\"elementor-icon-list-item elementor-inline-item\">\n\t\t\t\t\t\t\t\t\t\t<span class=\"elementor-icon-list-text\">Publicado el 9 de marzo de 2026<\/span>\n\t\t\t\t\t\t\t\t\t<\/li>\n\t\t\t\t\t\t<\/ul>\n\t\t\t\t\t\t<\/div>\n\t\t\t\t<\/div>\n\t\t\t\t<div class=\"elementor-element elementor-element-89ea136 elementor-invisible elementor-widget elementor-widget-image\" data-id=\"89ea136\" data-element_type=\"widget\" data-e-type=\"widget\" data-settings=\"{&quot;_animation&quot;:&quot;fadeInRight&quot;}\" data-widget_type=\"image.default\">\n\t\t\t\t\t\t\t\t\t\t\t\t\t\t\t<img decoding=\"async\" src=\"https:\/\/ds4mmed.uv.es\/wp-content\/uploads\/2026\/03\/noticia36.jpg\" title=\"\" alt=\"\" loading=\"lazy\" \/>\t\t\t\t\t\t\t\t\t\t\t\t\t\t\t<\/div>\n\t\t\t\t<\/div>\n\t\t<div class=\"elementor-element elementor-element-aac12f8 e-con-full e-flex elementor-invisible e-con e-child\" data-id=\"aac12f8\" data-element_type=\"container\" data-e-type=\"container\" data-settings=\"{&quot;animation&quot;:&quot;fadeInUp&quot;}\">\n\t\t\t\t<div class=\"elementor-element elementor-element-0c8df65 elementor-widget__width-initial elementor-widget-mobile__width-inherit elementor-widget-tablet__width-inherit elementor-widget elementor-widget-text-editor\" data-id=\"0c8df65\" data-element_type=\"widget\" data-e-type=\"widget\" data-widget_type=\"text-editor.default\">\n\t\t\t\t\t\t\t\t\t<div class=\"ewa-rteLine\"><blockquote data-path-to-node=\"17\"><p data-path-to-node=\"8\">El <b data-path-to-node=\"8\" data-index-in-node=\"34\">Prof. Dr. Francisco Alonso<\/b>, en representaci\u00f3n de <b data-path-to-node=\"8\" data-index-in-node=\"83\">DS4M Mediterr\u00e1neo (Universitat de Val\u00e8ncia)<\/b>, particip\u00f3 el pasado viernes en la <b data-path-to-node=\"8\" data-index-in-node=\"162\">XIII Jornada sobre Ciudades Seguras, Sostenibles e Inteligentes<\/b>, un evento de referencia organizado por la <b data-path-to-node=\"8\" data-index-in-node=\"269\">Universitat Polit\u00e8cnica de Val\u00e8ncia (UPV)<\/b>.<\/p><h3 data-path-to-node=\"9\">Tecnolog\u00eda urbana: De los datos a la toma de decisiones<\/h3><p data-path-to-node=\"10\">El Prof. Dr. Alonso intervino en la <b data-path-to-node=\"10\" data-index-in-node=\"36\">Mesa 3<\/b>, titulada <i data-path-to-node=\"10\" data-index-in-node=\"53\">\u00abTecnolog\u00eda urbana con impacto real: de los datos a la toma de decisiones\u00bb<\/i>. El debate, centrado en c\u00f3mo transformar el flujo masivo de informaci\u00f3n en pol\u00edticas p\u00fablicas eficientes, cont\u00f3 con un panel de expertos de primer nivel:<\/p><ul data-path-to-node=\"11\"><li><p data-path-to-node=\"11,0,0\"><b data-path-to-node=\"11,0,0\" data-index-in-node=\"0\">Moderador:<\/b> Ernesto Faubel Cubells (Jefe de Servicio de Ciudad Inteligente y Gesti\u00f3n de Datos del Ajuntament de Val\u00e8ncia).<\/p><\/li><li><p data-path-to-node=\"11,1,0\"><b data-path-to-node=\"11,1,0\" data-index-in-node=\"0\">Patricia Tamarit<\/b> (Directora de Innovaci\u00f3n en Producto Propio de NUNSYS).<\/p><\/li><li><p data-path-to-node=\"11,2,0\"><b data-path-to-node=\"11,2,0\" data-index-in-node=\"0\">David Olmos Rodr\u00edguez<\/b> (Responsable de Contrataci\u00f3n y Estudios en Pavapark).<\/p><\/li><li><p data-path-to-node=\"11,3,0\"><b data-path-to-node=\"11,3,0\" data-index-in-node=\"0\">Antonio S\u00e1nchez<\/b> (Fundador y Catedr\u00e1tico de la Universidad Polit\u00e9cnica de Cartagena).<\/p><\/li><\/ul><h3 data-path-to-node=\"12\">El dato como eje de la movilidad inteligente<\/h3><p data-path-to-node=\"13\">Durante la sesi\u00f3n, se destac\u00f3 que la tecnolog\u00eda urbana debe ser una herramienta para mejorar la calidad de vida ciudadana. El Prof. Dr. Alonso subray\u00f3 la importancia de la <b data-path-to-node=\"13\" data-index-in-node=\"172\">gobernanza del dato<\/b> y c\u00f3mo los espacios de datos, como <b data-path-to-node=\"13\" data-index-in-node=\"227\">DS4M Mediterr\u00e1neo<\/b>, son fundamentales para que la integraci\u00f3n de sensores y sistemas de tr\u00e1fico se traduzca en una movilidad m\u00e1s fluida y segura.<\/p><\/blockquote><\/div>\t\t\t\t\t\t\t\t<\/div>\n\t\t\t\t<\/div>\n\t\t\t\t\t<\/div>\n\t\t\t\t<\/div>\n\t\t\t\t<\/div>\n\t\t","protected":false},"excerpt":{"rendered":"<p>El Prof. Dr. Francisco Alonso analiza el impacto real de la tecnolog\u00eda urbana en la XIII Jornada sobre Ciudades Seguras, Sostenibles e Inteligentes Publicado el 9 de marzo de 2026 El Prof. Dr. Francisco Alonso, en representaci\u00f3n de DS4M Mediterr\u00e1neo (Universitat de Val\u00e8ncia), particip\u00f3 el pasado viernes en la XIII Jornada sobre Ciudades Seguras, Sostenibles [&hellip;]<\/p>\n","protected":false},"author":1,"featured_media":0,"parent":0,"menu_order":0,"comment_status":"closed","ping_status":"closed","template":"","meta":{"footnotes":""},"class_list":["post-13883","page","type-page","status-publish","hentry"],"yoast_head":"<!-- This site is optimized with the Yoast SEO plugin v27.4 - https:\/\/yoast.com\/product\/yoast-seo-wordpress\/ -->\n<title>XIII Jornada Ciudades Inteligentes: Prof. Dr. Francisco Alonso y DS4M<\/title>\n<meta name=\"description\" content=\"El Prof. Dr. Francisco Alonso (DS4M) participa en la UPV en la mesa sobre tecnolog\u00eda urbana y toma de decisiones basada en datos junto a expertos del Ayuntamiento de Valencia, Nunsys y Pavapark.\" \/>\n<meta name=\"robots\" content=\"index, follow, max-snippet:-1, max-image-preview:large, max-video-preview:-1\" \/>\n<link rel=\"canonical\" href=\"https:\/\/ds4mmed.uv.es\/index.php\/es\/francisco-alonso-xiii-jornada-ciudades-seguras-sostenibles-inteligentes\/\" \/>\n<meta property=\"og:locale\" content=\"es_ES\" \/>\n<meta property=\"og:type\" content=\"article\" \/>\n<meta property=\"og:title\" content=\"XIII Jornada Ciudades Inteligentes: Prof. Dr. Francisco Alonso y DS4M\" \/>\n<meta property=\"og:description\" content=\"El Prof. Dr. Francisco Alonso (DS4M) participa en la UPV en la mesa sobre tecnolog\u00eda urbana y toma de decisiones basada en datos junto a expertos del Ayuntamiento de Valencia, Nunsys y Pavapark.\" \/>\n<meta property=\"og:url\" content=\"https:\/\/ds4mmed.uv.es\/index.php\/es\/francisco-alonso-xiii-jornada-ciudades-seguras-sostenibles-inteligentes\/\" \/>\n<meta property=\"og:site_name\" content=\"DS4M Mediterr\u00e1neo\" \/>\n<meta property=\"article:modified_time\" content=\"2026-03-09T08:50:08+00:00\" \/>\n<meta property=\"og:image\" content=\"https:\/\/ds4mmed.uv.es\/wp-content\/uploads\/2026\/03\/noticia36.jpg\" \/>\n<meta name=\"twitter:card\" content=\"summary_large_image\" \/>\n<meta name=\"twitter:label1\" content=\"Tiempo de lectura\" \/>\n\t<meta name=\"twitter:data1\" content=\"1 minuto\" \/>\n<script type=\"application\/ld+json\" class=\"yoast-schema-graph\">{\"@context\":\"https:\\\/\\\/schema.org\",\"@graph\":[{\"@type\":\"WebPage\",\"@id\":\"https:\\\/\\\/ds4mmed.uv.es\\\/index.php\\\/es\\\/francisco-alonso-xiii-jornada-ciudades-seguras-sostenibles-inteligentes\\\/\",\"url\":\"https:\\\/\\\/ds4mmed.uv.es\\\/index.php\\\/es\\\/francisco-alonso-xiii-jornada-ciudades-seguras-sostenibles-inteligentes\\\/\",\"name\":\"XIII Jornada Ciudades Inteligentes: Prof. Dr. Francisco Alonso y DS4M\",\"isPartOf\":{\"@id\":\"https:\\\/\\\/ds4mmed.uv.es\\\/#website\"},\"primaryImageOfPage\":{\"@id\":\"https:\\\/\\\/ds4mmed.uv.es\\\/index.php\\\/es\\\/francisco-alonso-xiii-jornada-ciudades-seguras-sostenibles-inteligentes\\\/#primaryimage\"},\"image\":{\"@id\":\"https:\\\/\\\/ds4mmed.uv.es\\\/index.php\\\/es\\\/francisco-alonso-xiii-jornada-ciudades-seguras-sostenibles-inteligentes\\\/#primaryimage\"},\"thumbnailUrl\":\"https:\\\/\\\/ds4mmed.uv.es\\\/wp-content\\\/uploads\\\/2026\\\/03\\\/noticia36.jpg\",\"datePublished\":\"2026-03-09T08:29:51+00:00\",\"dateModified\":\"2026-03-09T08:50:08+00:00\",\"description\":\"El Prof. Dr. Francisco Alonso (DS4M) participa en la UPV en la mesa sobre tecnolog\u00eda urbana y toma de decisiones basada en datos junto a expertos del Ayuntamiento de Valencia, Nunsys y Pavapark.\",\"breadcrumb\":{\"@id\":\"https:\\\/\\\/ds4mmed.uv.es\\\/index.php\\\/es\\\/francisco-alonso-xiii-jornada-ciudades-seguras-sostenibles-inteligentes\\\/#breadcrumb\"},\"inLanguage\":\"es\",\"potentialAction\":[{\"@type\":\"ReadAction\",\"target\":[\"https:\\\/\\\/ds4mmed.uv.es\\\/index.php\\\/es\\\/francisco-alonso-xiii-jornada-ciudades-seguras-sostenibles-inteligentes\\\/\"]}]},{\"@type\":\"ImageObject\",\"inLanguage\":\"es\",\"@id\":\"https:\\\/\\\/ds4mmed.uv.es\\\/index.php\\\/es\\\/francisco-alonso-xiii-jornada-ciudades-seguras-sostenibles-inteligentes\\\/#primaryimage\",\"url\":\"https:\\\/\\\/ds4mmed.uv.es\\\/wp-content\\\/uploads\\\/2026\\\/03\\\/noticia36.jpg\",\"contentUrl\":\"https:\\\/\\\/ds4mmed.uv.es\\\/wp-content\\\/uploads\\\/2026\\\/03\\\/noticia36.jpg\",\"width\":2048,\"height\":1536},{\"@type\":\"BreadcrumbList\",\"@id\":\"https:\\\/\\\/ds4mmed.uv.es\\\/index.php\\\/es\\\/francisco-alonso-xiii-jornada-ciudades-seguras-sostenibles-inteligentes\\\/#breadcrumb\",\"itemListElement\":[{\"@type\":\"ListItem\",\"position\":1,\"name\":\"Portada\",\"item\":\"https:\\\/\\\/ds4mmed.uv.es\\\/index.php\\\/es\\\/\"},{\"@type\":\"ListItem\",\"position\":2,\"name\":\"Noticia 36 &#8211; El Prof. Dr. Francisco Alonso analiza la tecnolog\u00eda urbana y la toma de decisiones en la XIII Jornada sobre Ciudades Seguras, Sostenibles e Inteligentes\"}]},{\"@type\":\"WebSite\",\"@id\":\"https:\\\/\\\/ds4mmed.uv.es\\\/#website\",\"url\":\"https:\\\/\\\/ds4mmed.uv.es\\\/\",\"name\":\"DS4M Mediterr\u00e1neo\",\"description\":\"\",\"publisher\":{\"@id\":\"https:\\\/\\\/ds4mmed.uv.es\\\/#organization\"},\"potentialAction\":[{\"@type\":\"SearchAction\",\"target\":{\"@type\":\"EntryPoint\",\"urlTemplate\":\"https:\\\/\\\/ds4mmed.uv.es\\\/?s={search_term_string}\"},\"query-input\":{\"@type\":\"PropertyValueSpecification\",\"valueRequired\":true,\"valueName\":\"search_term_string\"}}],\"inLanguage\":\"es\"},{\"@type\":\"Organization\",\"@id\":\"https:\\\/\\\/ds4mmed.uv.es\\\/#organization\",\"name\":\"DS4M Mediterr\u00e1neo\",\"url\":\"https:\\\/\\\/ds4mmed.uv.es\\\/\",\"logo\":{\"@type\":\"ImageObject\",\"inLanguage\":\"es\",\"@id\":\"https:\\\/\\\/ds4mmed.uv.es\\\/#\\\/schema\\\/logo\\\/image\\\/\",\"url\":\"https:\\\/\\\/ds4mmed.uv.es\\\/wp-content\\\/uploads\\\/2025\\\/07\\\/Logo-cambio-resolucion-scaled.png\",\"contentUrl\":\"https:\\\/\\\/ds4mmed.uv.es\\\/wp-content\\\/uploads\\\/2025\\\/07\\\/Logo-cambio-resolucion-scaled.png\",\"width\":2560,\"height\":980,\"caption\":\"DS4M Mediterr\u00e1neo\"},\"image\":{\"@id\":\"https:\\\/\\\/ds4mmed.uv.es\\\/#\\\/schema\\\/logo\\\/image\\\/\"}}]}<\/script>\n<!-- \/ Yoast SEO plugin. -->","yoast_head_json":{"title":"XIII Jornada Ciudades Inteligentes: Prof. Dr. Francisco Alonso y DS4M","description":"El Prof. Dr. Francisco Alonso (DS4M) participa en la UPV en la mesa sobre tecnolog\u00eda urbana y toma de decisiones basada en datos junto a expertos del Ayuntamiento de Valencia, Nunsys y Pavapark.","robots":{"index":"index","follow":"follow","max-snippet":"max-snippet:-1","max-image-preview":"max-image-preview:large","max-video-preview":"max-video-preview:-1"},"canonical":"https:\/\/ds4mmed.uv.es\/index.php\/es\/francisco-alonso-xiii-jornada-ciudades-seguras-sostenibles-inteligentes\/","og_locale":"es_ES","og_type":"article","og_title":"XIII Jornada Ciudades Inteligentes: Prof. Dr. Francisco Alonso y DS4M","og_description":"El Prof. Dr. Francisco Alonso (DS4M) participa en la UPV en la mesa sobre tecnolog\u00eda urbana y toma de decisiones basada en datos junto a expertos del Ayuntamiento de Valencia, Nunsys y Pavapark.","og_url":"https:\/\/ds4mmed.uv.es\/index.php\/es\/francisco-alonso-xiii-jornada-ciudades-seguras-sostenibles-inteligentes\/","og_site_name":"DS4M Mediterr\u00e1neo","article_modified_time":"2026-03-09T08:50:08+00:00","og_image":[{"url":"https:\/\/ds4mmed.uv.es\/wp-content\/uploads\/2026\/03\/noticia36.jpg","type":"","width":"","height":""}],"twitter_card":"summary_large_image","twitter_misc":{"Tiempo de lectura":"1 minuto"},"schema":{"@context":"https:\/\/schema.org","@graph":[{"@type":"WebPage","@id":"https:\/\/ds4mmed.uv.es\/index.php\/es\/francisco-alonso-xiii-jornada-ciudades-seguras-sostenibles-inteligentes\/","url":"https:\/\/ds4mmed.uv.es\/index.php\/es\/francisco-alonso-xiii-jornada-ciudades-seguras-sostenibles-inteligentes\/","name":"XIII Jornada Ciudades Inteligentes: Prof. Dr. Francisco Alonso y DS4M","isPartOf":{"@id":"https:\/\/ds4mmed.uv.es\/#website"},"primaryImageOfPage":{"@id":"https:\/\/ds4mmed.uv.es\/index.php\/es\/francisco-alonso-xiii-jornada-ciudades-seguras-sostenibles-inteligentes\/#primaryimage"},"image":{"@id":"https:\/\/ds4mmed.uv.es\/index.php\/es\/francisco-alonso-xiii-jornada-ciudades-seguras-sostenibles-inteligentes\/#primaryimage"},"thumbnailUrl":"https:\/\/ds4mmed.uv.es\/wp-content\/uploads\/2026\/03\/noticia36.jpg","datePublished":"2026-03-09T08:29:51+00:00","dateModified":"2026-03-09T08:50:08+00:00","description":"El Prof. Dr. Francisco Alonso (DS4M) participa en la UPV en la mesa sobre tecnolog\u00eda urbana y toma de decisiones basada en datos junto a expertos del Ayuntamiento de Valencia, Nunsys y Pavapark.","breadcrumb":{"@id":"https:\/\/ds4mmed.uv.es\/index.php\/es\/francisco-alonso-xiii-jornada-ciudades-seguras-sostenibles-inteligentes\/#breadcrumb"},"inLanguage":"es","potentialAction":[{"@type":"ReadAction","target":["https:\/\/ds4mmed.uv.es\/index.php\/es\/francisco-alonso-xiii-jornada-ciudades-seguras-sostenibles-inteligentes\/"]}]},{"@type":"ImageObject","inLanguage":"es","@id":"https:\/\/ds4mmed.uv.es\/index.php\/es\/francisco-alonso-xiii-jornada-ciudades-seguras-sostenibles-inteligentes\/#primaryimage","url":"https:\/\/ds4mmed.uv.es\/wp-content\/uploads\/2026\/03\/noticia36.jpg","contentUrl":"https:\/\/ds4mmed.uv.es\/wp-content\/uploads\/2026\/03\/noticia36.jpg","width":2048,"height":1536},{"@type":"BreadcrumbList","@id":"https:\/\/ds4mmed.uv.es\/index.php\/es\/francisco-alonso-xiii-jornada-ciudades-seguras-sostenibles-inteligentes\/#breadcrumb","itemListElement":[{"@type":"ListItem","position":1,"name":"Portada","item":"https:\/\/ds4mmed.uv.es\/index.php\/es\/"},{"@type":"ListItem","position":2,"name":"Noticia 36 &#8211; El Prof. Dr. Francisco Alonso analiza la tecnolog\u00eda urbana y la toma de decisiones en la XIII Jornada sobre Ciudades Seguras, Sostenibles e Inteligentes"}]},{"@type":"WebSite","@id":"https:\/\/ds4mmed.uv.es\/#website","url":"https:\/\/ds4mmed.uv.es\/","name":"DS4M Mediterr\u00e1neo","description":"","publisher":{"@id":"https:\/\/ds4mmed.uv.es\/#organization"},"potentialAction":[{"@type":"SearchAction","target":{"@type":"EntryPoint","urlTemplate":"https:\/\/ds4mmed.uv.es\/?s={search_term_string}"},"query-input":{"@type":"PropertyValueSpecification","valueRequired":true,"valueName":"search_term_string"}}],"inLanguage":"es"},{"@type":"Organization","@id":"https:\/\/ds4mmed.uv.es\/#organization","name":"DS4M Mediterr\u00e1neo","url":"https:\/\/ds4mmed.uv.es\/","logo":{"@type":"ImageObject","inLanguage":"es","@id":"https:\/\/ds4mmed.uv.es\/#\/schema\/logo\/image\/","url":"https:\/\/ds4mmed.uv.es\/wp-content\/uploads\/2025\/07\/Logo-cambio-resolucion-scaled.png","contentUrl":"https:\/\/ds4mmed.uv.es\/wp-content\/uploads\/2025\/07\/Logo-cambio-resolucion-scaled.png","width":2560,"height":980,"caption":"DS4M Mediterr\u00e1neo"},"image":{"@id":"https:\/\/ds4mmed.uv.es\/#\/schema\/logo\/image\/"}}]}},"_links":{"self":[{"href":"https:\/\/ds4mmed.uv.es\/index.php\/wp-json\/wp\/v2\/pages\/13883","targetHints":{"allow":["GET"]}}],"collection":[{"href":"https:\/\/ds4mmed.uv.es\/index.php\/wp-json\/wp\/v2\/pages"}],"about":[{"href":"https:\/\/ds4mmed.uv.es\/index.php\/wp-json\/wp\/v2\/types\/page"}],"author":[{"embeddable":true,"href":"https:\/\/ds4mmed.uv.es\/index.php\/wp-json\/wp\/v2\/users\/1"}],"replies":[{"embeddable":true,"href":"https:\/\/ds4mmed.uv.es\/index.php\/wp-json\/wp\/v2\/comments?post=13883"}],"version-history":[{"count":4,"href":"https:\/\/ds4mmed.uv.es\/index.php\/wp-json\/wp\/v2\/pages\/13883\/revisions"}],"predecessor-version":[{"id":13904,"href":"https:\/\/ds4mmed.uv.es\/index.php\/wp-json\/wp\/v2\/pages\/13883\/revisions\/13904"}],"wp:attachment":[{"href":"https:\/\/ds4mmed.uv.es\/index.php\/wp-json\/wp\/v2\/media?parent=13883"}],"curies":[{"name":"wp","href":"https:\/\/api.w.org\/{rel}","templated":true}]}}