{"id":13241,"date":"2026-03-02T11:32:35","date_gmt":"2026-03-02T10:32:35","guid":{"rendered":"https:\/\/ds4mmed.uv.es\/?page_id=13241"},"modified":"2026-03-02T11:35:55","modified_gmt":"2026-03-02T10:35:55","slug":"ds4m-mediterraneo-participates-cred-data-spaces-event","status":"publish","type":"page","link":"https:\/\/ds4mmed.uv.es\/index.php\/en\/ds4m-mediterraneo-participates-cred-data-spaces-event\/","title":{"rendered":"Noticia 34 &#8211; Prof. Dr. Francisco Alonso Represents DS4M Mediterr\u00e1neo at the CRED Strategic Data Spaces Workshop"},"content":{"rendered":"\t\t<div data-elementor-type=\"wp-page\" data-elementor-id=\"13241\" class=\"elementor elementor-13241\">\n\t\t\t\t<div class=\"elementor-element elementor-element-6c62525 e-flex e-con-boxed e-con e-child\" data-id=\"6c62525\" data-element_type=\"container\" data-e-type=\"container\" data-settings=\"{&quot;background_background&quot;:&quot;classic&quot;}\">\n\t\t\t\t\t<div class=\"e-con-inner\">\n\t\t<div class=\"elementor-element elementor-element-6debc5d e-con-full e-flex e-con e-child\" data-id=\"6debc5d\" data-element_type=\"container\" data-e-type=\"container\">\n\t\t<div class=\"elementor-element elementor-element-3b5bf26 e-con-full e-flex elementor-invisible e-con e-child\" data-id=\"3b5bf26\" data-element_type=\"container\" data-e-type=\"container\" data-settings=\"{&quot;animation&quot;:&quot;fadeInLeft&quot;}\">\n\t\t\t\t<div class=\"elementor-element elementor-element-da9e6f3 elementor-widget elementor-widget-heading\" data-id=\"da9e6f3\" data-element_type=\"widget\" data-e-type=\"widget\" data-widget_type=\"heading.default\">\n\t\t\t\t\t<h1 class=\"elementor-heading-title elementor-size-default\">Prof. Dr. Francisco Alonso Represents DS4M Mediterr\u00e1neo at the CRED Strategic Data Spaces Workshop<\/h1>\t\t\t\t<\/div>\n\t\t\t\t<div class=\"elementor-element elementor-element-e2a4a87 elementor-icon-list--layout-inline elementor-align-center elementor-list-item-link-full_width elementor-widget elementor-widget-icon-list\" data-id=\"e2a4a87\" data-element_type=\"widget\" data-e-type=\"widget\" data-widget_type=\"icon-list.default\">\n\t\t\t\t\t\t\t<ul class=\"elementor-icon-list-items elementor-inline-items\">\n\t\t\t\t\t\t\t<li class=\"elementor-icon-list-item elementor-inline-item\">\n\t\t\t\t\t\t\t\t\t\t<span class=\"elementor-icon-list-text\">Published on January 29, 2026<\/span>\n\t\t\t\t\t\t\t\t\t<\/li>\n\t\t\t\t\t\t<\/ul>\n\t\t\t\t\t\t<\/div>\n\t\t\t\t<\/div>\n\t\t\t\t<div class=\"elementor-element elementor-element-89ea136 elementor-invisible elementor-widget elementor-widget-image\" data-id=\"89ea136\" data-element_type=\"widget\" data-e-type=\"widget\" data-settings=\"{&quot;_animation&quot;:&quot;fadeInRight&quot;}\" data-widget_type=\"image.default\">\n\t\t\t\t\t\t\t\t\t\t\t\t\t\t\t<img fetchpriority=\"high\" decoding=\"async\" width=\"2000\" height=\"900\" src=\"https:\/\/ds4mmed.uv.es\/wp-content\/uploads\/2026\/03\/EventoCRED.jpg\" class=\"attachment-full size-full wp-image-13231\" alt=\"\" srcset=\"https:\/\/ds4mmed.uv.es\/wp-content\/uploads\/2026\/03\/EventoCRED.jpg 2000w, https:\/\/ds4mmed.uv.es\/wp-content\/uploads\/2026\/03\/EventoCRED-300x135.jpg 300w, https:\/\/ds4mmed.uv.es\/wp-content\/uploads\/2026\/03\/EventoCRED-1024x461.jpg 1024w, https:\/\/ds4mmed.uv.es\/wp-content\/uploads\/2026\/03\/EventoCRED-768x346.jpg 768w, https:\/\/ds4mmed.uv.es\/wp-content\/uploads\/2026\/03\/EventoCRED-1536x691.jpg 1536w\" sizes=\"(max-width: 2000px) 100vw, 2000px\" \/>\t\t\t\t\t\t\t\t\t\t\t\t\t\t\t<\/div>\n\t\t\t\t<\/div>\n\t\t<div class=\"elementor-element elementor-element-aac12f8 e-con-full e-flex elementor-invisible e-con e-child\" data-id=\"aac12f8\" data-element_type=\"container\" data-e-type=\"container\" data-settings=\"{&quot;animation&quot;:&quot;fadeInUp&quot;}\">\n\t\t\t\t<div class=\"elementor-element elementor-element-0c8df65 elementor-widget__width-initial elementor-widget-mobile__width-inherit elementor-widget-tablet__width-inherit elementor-widget elementor-widget-text-editor\" data-id=\"0c8df65\" data-element_type=\"widget\" data-e-type=\"widget\" data-widget_type=\"text-editor.default\">\n\t\t\t\t\t\t\t\t\t<div class=\"ewa-rteLine\">\n<blockquote data-path-to-node=\"17\">\n<h3 data-path-to-node=\"3\">The event, opened by Minister \u00d3scar L\u00f3pez and closed by Minister M\u00f3nica Garc\u00eda, brought together Spain&#8217;s leading experts to coordinate the advancement of sectoral Data Spaces.<\/h3>\n<p data-path-to-node=\"4\">Yesterday, <b data-path-to-node=\"4\" data-index-in-node=\"11\">Prof. Dr. Francisco Alonso<\/b>, representing <b data-path-to-node=\"4\" data-index-in-node=\"52\">DS4M Mediterr\u00e1neo (Universitat de Val\u00e8ncia)<\/b>, participated in the workshop organized by the <b data-path-to-node=\"4\" data-index-in-node=\"143\">CRED (Data Spaces Reference Center)<\/b>. The event established itself as a key meeting point for the coordination and promotion of Data Spaces in Spain, addressing everything from regulatory frameworks to practical use cases in strategic sectors.<\/p>\n<h2 data-path-to-node=\"5\">Institutional Opening and the \u00abData Spaces Kit\u00bb<\/h2>\n<p data-path-to-node=\"6\">The day began with a keynote by <b data-path-to-node=\"6\" data-index-in-node=\"32\">\u00d3scar L\u00f3pez<\/b>, Minister for Digital Transformation and Public Function, who highlighted the critical role of these ecosystems in today&#8217;s economy.<\/p>\n<p data-path-to-node=\"7\">A major milestone of the event was the presentation of the <b data-path-to-node=\"7\" data-index-in-node=\"59\">Data Spaces Kit<\/b>, a tool designed to provide context and facilitate the development of initiatives in this field. Following the presentation, a networking session allowed attendees to exchange experiences and strengthen alliances between universities, public administrations, and the private sector.<\/p>\n<h2 data-path-to-node=\"8\">Roundtable: Transversal and Sectoral Perspectives<\/h2>\n<p data-path-to-node=\"9\">The central debate featured a diverse group of experts providing a multi-sectoral view on data utilization:<\/p>\n<ul data-path-to-node=\"10\">\n<li>\n<p data-path-to-node=\"10,0,0\"><b data-path-to-node=\"10,0,0\" data-index-in-node=\"0\">V\u00edctor Rodrigo Raya<\/b> (Red.es)<\/p>\n<\/li>\n<li>\n<p data-path-to-node=\"10,1,0\"><b data-path-to-node=\"10,1,0\" data-index-in-node=\"0\">M\u00aa Jos\u00e9 D\u00edaz L\u00f3pez<\/b> (datos.gob.es &#8211; General Directorate of Data)<\/p>\n<\/li>\n<li>\n<p data-path-to-node=\"10,2,0\"><b data-path-to-node=\"10,2,0\" data-index-in-node=\"0\">Cl\u00e0udia Col\u00e0s Torres<\/b> (AgrospAI Project &#8211; University of Lleida)<\/p>\n<\/li>\n<li>\n<p data-path-to-node=\"10,3,0\"><b data-path-to-node=\"10,3,0\" data-index-in-node=\"0\">Rub\u00e9n E.<\/b> (Agro4Data)<\/p>\n<\/li>\n<\/ul>\n<p data-path-to-node=\"11\">Subsequently, moderated by <b data-path-to-node=\"11\" data-index-in-node=\"27\">Antonio Alcolea Mu\u00f1oz<\/b>, a specific roundtable focused on national strategic projects. In this session, <b data-path-to-node=\"11\" data-index-in-node=\"129\">Prof. Dr. Francisco Alonso<\/b> shared the panel with prominent representatives from various fields:<\/p>\n<table data-path-to-node=\"12\">\n<thead>\n<tr>\n<td><strong>Speaker<\/strong><\/td>\n<td><strong>Organization \/ Project<\/strong><\/td>\n<\/tr>\n<\/thead>\n<tbody>\n<tr>\n<td><span data-path-to-node=\"12,1,0,0\"><b data-path-to-node=\"12,1,0,0\" data-index-in-node=\"0\">Cecilia Medina Mar\u00edn<\/b><\/span><\/td>\n<td><span data-path-to-node=\"12,1,1,0\">ESauto-X (SERNAUTO)<\/span><\/td>\n<\/tr>\n<tr>\n<td><span data-path-to-node=\"12,2,0,0\"><b data-path-to-node=\"12,2,0,0\" data-index-in-node=\"0\">Sergio Ramos<\/b><\/span><\/td>\n<td><span data-path-to-node=\"12,2,1,0\">Kordat Data Space (AIE Society of Artists)<\/span><\/td>\n<\/tr>\n<tr>\n<td><span data-path-to-node=\"12,3,0,0\"><b data-path-to-node=\"12,3,0,0\" data-index-in-node=\"0\">Anna Maria Gras<\/b><\/span><\/td>\n<td><span data-path-to-node=\"12,3,1,0\">Agrixels (UPC)<\/span><\/td>\n<\/tr>\n<tr>\n<td><span data-path-to-node=\"12,4,0,0\"><b data-path-to-node=\"12,4,0,0\" data-index-in-node=\"0\">Juan Pedro de Ruz Ortega<\/b><\/span><\/td>\n<td><span data-path-to-node=\"12,4,1,0\">PIDA Project (Castilla-La Mancha)<\/span><\/td>\n<\/tr>\n<tr>\n<td><span data-path-to-node=\"12,5,0,0\"><b data-path-to-node=\"12,5,0,0\" data-index-in-node=\"0\">Laura Flores Iglesias<\/b><\/span><\/td>\n<td><span data-path-to-node=\"12,5,1,0\">PIA Project (SEGITTUR)<\/span><\/td>\n<\/tr>\n<\/tbody>\n<\/table>\n<h2 data-path-to-node=\"13\">Closing and Commitment to the Future<\/h2>\n<p data-path-to-node=\"14\">The closing remarks were delivered by the Minister of Health, <b data-path-to-node=\"14\" data-index-in-node=\"62\">M\u00f3nica Garc\u00eda<\/b>, whose presence underscored the transversal importance of data, especially in critical sectors such as public health.<\/p>\n<p data-path-to-node=\"15\">From <b data-path-to-node=\"15\" data-index-in-node=\"5\">DS4M Mediterr\u00e1neo<\/b>, we thank the CRED for organizing this event and reaffirm our commitment to actively contributing to the dialogue and technical collaboration in building the Data Spaces of the future.<\/p>\n<hr data-path-to-node=\"16\" \/>\n<blockquote data-path-to-node=\"17\">\n<p data-path-to-node=\"17,0\"><b data-path-to-node=\"17,0\" data-index-in-node=\"0\">Watch the full event:<\/b><\/p>\n<p data-path-to-node=\"17,0\">You can access the complete intervention by Prof. Dr. Francisco Alonso and the rest of the session on the CRED official YouTube channel via this link: <b data-path-to-node=\"17,0\" data-index-in-node=\"173\"><a class=\"ng-star-inserted\" href=\"https:\/\/lnkd.in\/eCBkBpY8\" target=\"_blank\" rel=\"noopener\" data-hveid=\"0\" data-ved=\"0CAAQ_4QMahgKEwiOp9rH_YCTAxUAAAAAHQAAAAAQmwE\">Watch Event Video<\/a><\/b><\/p>\n<\/blockquote>\n<\/blockquote>\n<\/div>\t\t\t\t\t\t\t\t<\/div>\n\t\t\t\t<\/div>\n\t\t\t\t\t<\/div>\n\t\t\t\t<\/div>\n\t\t\t\t<\/div>\n\t\t","protected":false},"excerpt":{"rendered":"<p>Prof. Dr. Francisco Alonso Represents DS4M Mediterr\u00e1neo at the CRED Strategic Data Spaces Workshop Published on January 29, 2026 The event, opened by Minister \u00d3scar L\u00f3pez and closed by Minister M\u00f3nica Garc\u00eda, brought together Spain&#8217;s leading experts to coordinate the advancement of sectoral Data Spaces. Yesterday, Prof. Dr. Francisco Alonso, representing DS4M Mediterr\u00e1neo (Universitat de [&hellip;]<\/p>\n","protected":false},"author":1,"featured_media":0,"parent":0,"menu_order":0,"comment_status":"closed","ping_status":"closed","template":"","meta":{"footnotes":""},"class_list":["post-13241","page","type-page","status-publish","hentry"],"yoast_head":"<!-- This site is optimized with the Yoast SEO plugin v27.4 - https:\/\/yoast.com\/product\/yoast-seo-wordpress\/ -->\n<title>Francisco Alonso Represents DS4M Mediterr\u00e1neo<\/title>\n<meta name=\"description\" content=\"The event, opened by Minister \u00d3scar L\u00f3pez and closed by Minister M\u00f3nica Garc\u00eda, brought together Spain&#039;s leading experts to coordinate the advancement of sectoral Data Spaces.Yesterday, Prof. Dr. Francisco Alonso, representing DS4M Mediterr\u00e1neo (Universitat de Val\u00e8ncia), participated in the workshop organized by the CRED (Data Spaces Reference Center). The event established itself as a key meeting point for the coordination and promotion of Data Spaces in Spain, addressing everything from regulatory frameworks to practical use cases in strategic sectors.\" \/>\n<meta name=\"robots\" content=\"index, follow, max-snippet:-1, max-image-preview:large, max-video-preview:-1\" \/>\n<link rel=\"canonical\" href=\"https:\/\/ds4mmed.uv.es\/index.php\/en\/ds4m-mediterraneo-participates-cred-data-spaces-event\/\" \/>\n<meta property=\"og:locale\" content=\"es_ES\" \/>\n<meta property=\"og:type\" content=\"article\" \/>\n<meta property=\"og:title\" content=\"Francisco Alonso Represents DS4M Mediterr\u00e1neo\" \/>\n<meta property=\"og:description\" content=\"The event, opened by Minister \u00d3scar L\u00f3pez and closed by Minister M\u00f3nica Garc\u00eda, brought together Spain&#039;s leading experts to coordinate the advancement of sectoral Data Spaces.Yesterday, Prof. Dr. Francisco Alonso, representing DS4M Mediterr\u00e1neo (Universitat de Val\u00e8ncia), participated in the workshop organized by the CRED (Data Spaces Reference Center). The event established itself as a key meeting point for the coordination and promotion of Data Spaces in Spain, addressing everything from regulatory frameworks to practical use cases in strategic sectors.\" \/>\n<meta property=\"og:url\" content=\"https:\/\/ds4mmed.uv.es\/index.php\/en\/ds4m-mediterraneo-participates-cred-data-spaces-event\/\" \/>\n<meta property=\"og:site_name\" content=\"DS4M Mediterr\u00e1neo\" \/>\n<meta property=\"article:modified_time\" content=\"2026-03-02T10:35:55+00:00\" \/>\n<meta property=\"og:image\" content=\"https:\/\/ds4mmed.uv.es\/wp-content\/uploads\/2026\/03\/EventoCRED.jpg\" \/>\n\t<meta property=\"og:image:width\" content=\"2000\" \/>\n\t<meta property=\"og:image:height\" content=\"900\" \/>\n\t<meta property=\"og:image:type\" content=\"image\/jpeg\" \/>\n<meta name=\"twitter:card\" content=\"summary_large_image\" \/>\n<meta name=\"twitter:label1\" content=\"Tiempo de lectura\" \/>\n\t<meta name=\"twitter:data1\" content=\"1 minuto\" \/>\n<script type=\"application\/ld+json\" class=\"yoast-schema-graph\">{\"@context\":\"https:\\\/\\\/schema.org\",\"@graph\":[{\"@type\":\"WebPage\",\"@id\":\"https:\\\/\\\/ds4mmed.uv.es\\\/index.php\\\/en\\\/ds4m-mediterraneo-participates-cred-data-spaces-event\\\/\",\"url\":\"https:\\\/\\\/ds4mmed.uv.es\\\/index.php\\\/en\\\/ds4m-mediterraneo-participates-cred-data-spaces-event\\\/\",\"name\":\"Francisco Alonso Represents DS4M Mediterr\u00e1neo\",\"isPartOf\":{\"@id\":\"https:\\\/\\\/ds4mmed.uv.es\\\/#website\"},\"primaryImageOfPage\":{\"@id\":\"https:\\\/\\\/ds4mmed.uv.es\\\/index.php\\\/en\\\/ds4m-mediterraneo-participates-cred-data-spaces-event\\\/#primaryimage\"},\"image\":{\"@id\":\"https:\\\/\\\/ds4mmed.uv.es\\\/index.php\\\/en\\\/ds4m-mediterraneo-participates-cred-data-spaces-event\\\/#primaryimage\"},\"thumbnailUrl\":\"https:\\\/\\\/ds4mmed.uv.es\\\/wp-content\\\/uploads\\\/2026\\\/03\\\/EventoCRED.jpg\",\"datePublished\":\"2026-03-02T10:32:35+00:00\",\"dateModified\":\"2026-03-02T10:35:55+00:00\",\"description\":\"The event, opened by Minister \u00d3scar L\u00f3pez and closed by Minister M\u00f3nica Garc\u00eda, brought together Spain's leading experts to coordinate the advancement of sectoral Data Spaces.Yesterday, Prof. Dr. Francisco Alonso, representing DS4M Mediterr\u00e1neo (Universitat de Val\u00e8ncia), participated in the workshop organized by the CRED (Data Spaces Reference Center). The event established itself as a key meeting point for the coordination and promotion of Data Spaces in Spain, addressing everything from regulatory frameworks to practical use cases in strategic sectors.\",\"breadcrumb\":{\"@id\":\"https:\\\/\\\/ds4mmed.uv.es\\\/index.php\\\/en\\\/ds4m-mediterraneo-participates-cred-data-spaces-event\\\/#breadcrumb\"},\"inLanguage\":\"es\",\"potentialAction\":[{\"@type\":\"ReadAction\",\"target\":[\"https:\\\/\\\/ds4mmed.uv.es\\\/index.php\\\/en\\\/ds4m-mediterraneo-participates-cred-data-spaces-event\\\/\"]}]},{\"@type\":\"ImageObject\",\"inLanguage\":\"es\",\"@id\":\"https:\\\/\\\/ds4mmed.uv.es\\\/index.php\\\/en\\\/ds4m-mediterraneo-participates-cred-data-spaces-event\\\/#primaryimage\",\"url\":\"https:\\\/\\\/ds4mmed.uv.es\\\/wp-content\\\/uploads\\\/2026\\\/03\\\/EventoCRED.jpg\",\"contentUrl\":\"https:\\\/\\\/ds4mmed.uv.es\\\/wp-content\\\/uploads\\\/2026\\\/03\\\/EventoCRED.jpg\",\"width\":2000,\"height\":900},{\"@type\":\"BreadcrumbList\",\"@id\":\"https:\\\/\\\/ds4mmed.uv.es\\\/index.php\\\/en\\\/ds4m-mediterraneo-participates-cred-data-spaces-event\\\/#breadcrumb\",\"itemListElement\":[{\"@type\":\"ListItem\",\"position\":1,\"name\":\"Portada\",\"item\":\"https:\\\/\\\/ds4mmed.uv.es\\\/index.php\\\/es\\\/\"},{\"@type\":\"ListItem\",\"position\":2,\"name\":\"Noticia 34 &#8211; Prof. Dr. Francisco Alonso Represents DS4M Mediterr\u00e1neo at the CRED Strategic Data Spaces Workshop\"}]},{\"@type\":\"WebSite\",\"@id\":\"https:\\\/\\\/ds4mmed.uv.es\\\/#website\",\"url\":\"https:\\\/\\\/ds4mmed.uv.es\\\/\",\"name\":\"DS4M Mediterr\u00e1neo\",\"description\":\"\",\"publisher\":{\"@id\":\"https:\\\/\\\/ds4mmed.uv.es\\\/#organization\"},\"potentialAction\":[{\"@type\":\"SearchAction\",\"target\":{\"@type\":\"EntryPoint\",\"urlTemplate\":\"https:\\\/\\\/ds4mmed.uv.es\\\/?s={search_term_string}\"},\"query-input\":{\"@type\":\"PropertyValueSpecification\",\"valueRequired\":true,\"valueName\":\"search_term_string\"}}],\"inLanguage\":\"es\"},{\"@type\":\"Organization\",\"@id\":\"https:\\\/\\\/ds4mmed.uv.es\\\/#organization\",\"name\":\"DS4M Mediterr\u00e1neo\",\"url\":\"https:\\\/\\\/ds4mmed.uv.es\\\/\",\"logo\":{\"@type\":\"ImageObject\",\"inLanguage\":\"es\",\"@id\":\"https:\\\/\\\/ds4mmed.uv.es\\\/#\\\/schema\\\/logo\\\/image\\\/\",\"url\":\"https:\\\/\\\/ds4mmed.uv.es\\\/wp-content\\\/uploads\\\/2025\\\/07\\\/Logo-cambio-resolucion-scaled.png\",\"contentUrl\":\"https:\\\/\\\/ds4mmed.uv.es\\\/wp-content\\\/uploads\\\/2025\\\/07\\\/Logo-cambio-resolucion-scaled.png\",\"width\":2560,\"height\":980,\"caption\":\"DS4M Mediterr\u00e1neo\"},\"image\":{\"@id\":\"https:\\\/\\\/ds4mmed.uv.es\\\/#\\\/schema\\\/logo\\\/image\\\/\"}}]}<\/script>\n<!-- \/ Yoast SEO plugin. -->","yoast_head_json":{"title":"Francisco Alonso Represents DS4M Mediterr\u00e1neo","description":"The event, opened by Minister \u00d3scar L\u00f3pez and closed by Minister M\u00f3nica Garc\u00eda, brought together Spain's leading experts to coordinate the advancement of sectoral Data Spaces.Yesterday, Prof. Dr. Francisco Alonso, representing DS4M Mediterr\u00e1neo (Universitat de Val\u00e8ncia), participated in the workshop organized by the CRED (Data Spaces Reference Center). The event established itself as a key meeting point for the coordination and promotion of Data Spaces in Spain, addressing everything from regulatory frameworks to practical use cases in strategic sectors.","robots":{"index":"index","follow":"follow","max-snippet":"max-snippet:-1","max-image-preview":"max-image-preview:large","max-video-preview":"max-video-preview:-1"},"canonical":"https:\/\/ds4mmed.uv.es\/index.php\/en\/ds4m-mediterraneo-participates-cred-data-spaces-event\/","og_locale":"es_ES","og_type":"article","og_title":"Francisco Alonso Represents DS4M Mediterr\u00e1neo","og_description":"The event, opened by Minister \u00d3scar L\u00f3pez and closed by Minister M\u00f3nica Garc\u00eda, brought together Spain's leading experts to coordinate the advancement of sectoral Data Spaces.Yesterday, Prof. Dr. Francisco Alonso, representing DS4M Mediterr\u00e1neo (Universitat de Val\u00e8ncia), participated in the workshop organized by the CRED (Data Spaces Reference Center). The event established itself as a key meeting point for the coordination and promotion of Data Spaces in Spain, addressing everything from regulatory frameworks to practical use cases in strategic sectors.","og_url":"https:\/\/ds4mmed.uv.es\/index.php\/en\/ds4m-mediterraneo-participates-cred-data-spaces-event\/","og_site_name":"DS4M Mediterr\u00e1neo","article_modified_time":"2026-03-02T10:35:55+00:00","og_image":[{"width":2000,"height":900,"url":"https:\/\/ds4mmed.uv.es\/wp-content\/uploads\/2026\/03\/EventoCRED.jpg","type":"image\/jpeg"}],"twitter_card":"summary_large_image","twitter_misc":{"Tiempo de lectura":"1 minuto"},"schema":{"@context":"https:\/\/schema.org","@graph":[{"@type":"WebPage","@id":"https:\/\/ds4mmed.uv.es\/index.php\/en\/ds4m-mediterraneo-participates-cred-data-spaces-event\/","url":"https:\/\/ds4mmed.uv.es\/index.php\/en\/ds4m-mediterraneo-participates-cred-data-spaces-event\/","name":"Francisco Alonso Represents DS4M Mediterr\u00e1neo","isPartOf":{"@id":"https:\/\/ds4mmed.uv.es\/#website"},"primaryImageOfPage":{"@id":"https:\/\/ds4mmed.uv.es\/index.php\/en\/ds4m-mediterraneo-participates-cred-data-spaces-event\/#primaryimage"},"image":{"@id":"https:\/\/ds4mmed.uv.es\/index.php\/en\/ds4m-mediterraneo-participates-cred-data-spaces-event\/#primaryimage"},"thumbnailUrl":"https:\/\/ds4mmed.uv.es\/wp-content\/uploads\/2026\/03\/EventoCRED.jpg","datePublished":"2026-03-02T10:32:35+00:00","dateModified":"2026-03-02T10:35:55+00:00","description":"The event, opened by Minister \u00d3scar L\u00f3pez and closed by Minister M\u00f3nica Garc\u00eda, brought together Spain's leading experts to coordinate the advancement of sectoral Data Spaces.Yesterday, Prof. Dr. Francisco Alonso, representing DS4M Mediterr\u00e1neo (Universitat de Val\u00e8ncia), participated in the workshop organized by the CRED (Data Spaces Reference Center). The event established itself as a key meeting point for the coordination and promotion of Data Spaces in Spain, addressing everything from regulatory frameworks to practical use cases in strategic sectors.","breadcrumb":{"@id":"https:\/\/ds4mmed.uv.es\/index.php\/en\/ds4m-mediterraneo-participates-cred-data-spaces-event\/#breadcrumb"},"inLanguage":"es","potentialAction":[{"@type":"ReadAction","target":["https:\/\/ds4mmed.uv.es\/index.php\/en\/ds4m-mediterraneo-participates-cred-data-spaces-event\/"]}]},{"@type":"ImageObject","inLanguage":"es","@id":"https:\/\/ds4mmed.uv.es\/index.php\/en\/ds4m-mediterraneo-participates-cred-data-spaces-event\/#primaryimage","url":"https:\/\/ds4mmed.uv.es\/wp-content\/uploads\/2026\/03\/EventoCRED.jpg","contentUrl":"https:\/\/ds4mmed.uv.es\/wp-content\/uploads\/2026\/03\/EventoCRED.jpg","width":2000,"height":900},{"@type":"BreadcrumbList","@id":"https:\/\/ds4mmed.uv.es\/index.php\/en\/ds4m-mediterraneo-participates-cred-data-spaces-event\/#breadcrumb","itemListElement":[{"@type":"ListItem","position":1,"name":"Portada","item":"https:\/\/ds4mmed.uv.es\/index.php\/es\/"},{"@type":"ListItem","position":2,"name":"Noticia 34 &#8211; Prof. Dr. Francisco Alonso Represents DS4M Mediterr\u00e1neo at the CRED Strategic Data Spaces Workshop"}]},{"@type":"WebSite","@id":"https:\/\/ds4mmed.uv.es\/#website","url":"https:\/\/ds4mmed.uv.es\/","name":"DS4M Mediterr\u00e1neo","description":"","publisher":{"@id":"https:\/\/ds4mmed.uv.es\/#organization"},"potentialAction":[{"@type":"SearchAction","target":{"@type":"EntryPoint","urlTemplate":"https:\/\/ds4mmed.uv.es\/?s={search_term_string}"},"query-input":{"@type":"PropertyValueSpecification","valueRequired":true,"valueName":"search_term_string"}}],"inLanguage":"es"},{"@type":"Organization","@id":"https:\/\/ds4mmed.uv.es\/#organization","name":"DS4M Mediterr\u00e1neo","url":"https:\/\/ds4mmed.uv.es\/","logo":{"@type":"ImageObject","inLanguage":"es","@id":"https:\/\/ds4mmed.uv.es\/#\/schema\/logo\/image\/","url":"https:\/\/ds4mmed.uv.es\/wp-content\/uploads\/2025\/07\/Logo-cambio-resolucion-scaled.png","contentUrl":"https:\/\/ds4mmed.uv.es\/wp-content\/uploads\/2025\/07\/Logo-cambio-resolucion-scaled.png","width":2560,"height":980,"caption":"DS4M Mediterr\u00e1neo"},"image":{"@id":"https:\/\/ds4mmed.uv.es\/#\/schema\/logo\/image\/"}}]}},"_links":{"self":[{"href":"https:\/\/ds4mmed.uv.es\/index.php\/wp-json\/wp\/v2\/pages\/13241","targetHints":{"allow":["GET"]}}],"collection":[{"href":"https:\/\/ds4mmed.uv.es\/index.php\/wp-json\/wp\/v2\/pages"}],"about":[{"href":"https:\/\/ds4mmed.uv.es\/index.php\/wp-json\/wp\/v2\/types\/page"}],"author":[{"embeddable":true,"href":"https:\/\/ds4mmed.uv.es\/index.php\/wp-json\/wp\/v2\/users\/1"}],"replies":[{"embeddable":true,"href":"https:\/\/ds4mmed.uv.es\/index.php\/wp-json\/wp\/v2\/comments?post=13241"}],"version-history":[{"count":5,"href":"https:\/\/ds4mmed.uv.es\/index.php\/wp-json\/wp\/v2\/pages\/13241\/revisions"}],"predecessor-version":[{"id":13254,"href":"https:\/\/ds4mmed.uv.es\/index.php\/wp-json\/wp\/v2\/pages\/13241\/revisions\/13254"}],"wp:attachment":[{"href":"https:\/\/ds4mmed.uv.es\/index.php\/wp-json\/wp\/v2\/media?parent=13241"}],"curies":[{"name":"wp","href":"https:\/\/api.w.org\/{rel}","templated":true}]}}