{"id":13213,"date":"2026-03-02T11:15:03","date_gmt":"2026-03-02T10:15:03","guid":{"rendered":"https:\/\/ds4mmed.uv.es\/?page_id=13213"},"modified":"2026-03-02T11:28:47","modified_gmt":"2026-03-02T10:28:47","slug":"ds4m-mediterraneo-participa-jornada-cred-espacios-datos","status":"publish","type":"page","link":"https:\/\/ds4mmed.uv.es\/index.php\/es\/ds4m-mediterraneo-participa-jornada-cred-espacios-datos\/","title":{"rendered":"Noticia 34 &#8211; El Prof. Dr. Francisco Alonso representa a DS4M Mediterr\u00e1neo en la jornada estrat\u00e9gica del Centro de Referencia de Espacios de Datos (CRED)"},"content":{"rendered":"\t\t<div data-elementor-type=\"wp-page\" data-elementor-id=\"13213\" class=\"elementor elementor-13213\">\n\t\t\t\t<div class=\"elementor-element elementor-element-6c62525 e-flex e-con-boxed e-con e-child\" data-id=\"6c62525\" data-element_type=\"container\" data-e-type=\"container\" data-settings=\"{&quot;background_background&quot;:&quot;classic&quot;}\">\n\t\t\t\t\t<div class=\"e-con-inner\">\n\t\t<div class=\"elementor-element elementor-element-6debc5d e-con-full e-flex e-con e-child\" data-id=\"6debc5d\" data-element_type=\"container\" data-e-type=\"container\">\n\t\t<div class=\"elementor-element elementor-element-3b5bf26 e-con-full e-flex elementor-invisible e-con e-child\" data-id=\"3b5bf26\" data-element_type=\"container\" data-e-type=\"container\" data-settings=\"{&quot;animation&quot;:&quot;fadeInLeft&quot;}\">\n\t\t\t\t<div class=\"elementor-element elementor-element-da9e6f3 elementor-widget elementor-widget-heading\" data-id=\"da9e6f3\" data-element_type=\"widget\" data-e-type=\"widget\" data-widget_type=\"heading.default\">\n\t\t\t\t\t<h1 class=\"elementor-heading-title elementor-size-default\">El Prof. Dr. Francisco Alonso representa a DS4M Mediterr\u00e1neo en la jornada estrat\u00e9gica del Centro de Referencia de Espacios de Datos (CRED)<\/h1>\t\t\t\t<\/div>\n\t\t\t\t<div class=\"elementor-element elementor-element-e2a4a87 elementor-icon-list--layout-inline elementor-align-center elementor-list-item-link-full_width elementor-widget elementor-widget-icon-list\" data-id=\"e2a4a87\" data-element_type=\"widget\" data-e-type=\"widget\" data-widget_type=\"icon-list.default\">\n\t\t\t\t\t\t\t<ul class=\"elementor-icon-list-items elementor-inline-items\">\n\t\t\t\t\t\t\t<li class=\"elementor-icon-list-item elementor-inline-item\">\n\t\t\t\t\t\t\t\t\t\t<span class=\"elementor-icon-list-text\">Publicado el 29 de enero de 2026<\/span>\n\t\t\t\t\t\t\t\t\t<\/li>\n\t\t\t\t\t\t<\/ul>\n\t\t\t\t\t\t<\/div>\n\t\t\t\t<\/div>\n\t\t\t\t<div class=\"elementor-element elementor-element-89ea136 elementor-invisible elementor-widget elementor-widget-image\" data-id=\"89ea136\" data-element_type=\"widget\" data-e-type=\"widget\" data-settings=\"{&quot;_animation&quot;:&quot;fadeInRight&quot;}\" data-widget_type=\"image.default\">\n\t\t\t\t\t\t\t\t\t\t\t\t\t\t\t<img fetchpriority=\"high\" decoding=\"async\" width=\"2000\" height=\"900\" src=\"https:\/\/ds4mmed.uv.es\/wp-content\/uploads\/2026\/03\/EventoCRED.jpg\" class=\"attachment-full size-full wp-image-13231\" alt=\"\" srcset=\"https:\/\/ds4mmed.uv.es\/wp-content\/uploads\/2026\/03\/EventoCRED.jpg 2000w, https:\/\/ds4mmed.uv.es\/wp-content\/uploads\/2026\/03\/EventoCRED-300x135.jpg 300w, https:\/\/ds4mmed.uv.es\/wp-content\/uploads\/2026\/03\/EventoCRED-1024x461.jpg 1024w, https:\/\/ds4mmed.uv.es\/wp-content\/uploads\/2026\/03\/EventoCRED-768x346.jpg 768w, https:\/\/ds4mmed.uv.es\/wp-content\/uploads\/2026\/03\/EventoCRED-1536x691.jpg 1536w\" sizes=\"(max-width: 2000px) 100vw, 2000px\" \/>\t\t\t\t\t\t\t\t\t\t\t\t\t\t\t<\/div>\n\t\t\t\t<\/div>\n\t\t<div class=\"elementor-element elementor-element-aac12f8 e-con-full e-flex elementor-invisible e-con e-child\" data-id=\"aac12f8\" data-element_type=\"container\" data-e-type=\"container\" data-settings=\"{&quot;animation&quot;:&quot;fadeInUp&quot;}\">\n\t\t\t\t<div class=\"elementor-element elementor-element-0c8df65 elementor-widget__width-initial elementor-widget-mobile__width-inherit elementor-widget-tablet__width-inherit elementor-widget elementor-widget-text-editor\" data-id=\"0c8df65\" data-element_type=\"widget\" data-e-type=\"widget\" data-widget_type=\"text-editor.default\">\n\t\t\t\t\t\t\t\t\t<div class=\"ewa-rteLine\">\n<h3 data-path-to-node=\"3\">El evento, inaugurado por el ministro \u00d3scar L\u00f3pez y clausurado por la ministra M\u00f3nica Garc\u00eda, reuni\u00f3 a los principales actores nacionales para coordinar el avance de los Espacios de Datos sectoriales.<\/h3>\n<p data-path-to-node=\"4\">El <b data-path-to-node=\"4\" data-index-in-node=\"3\">Prof. Dr. Francisco Alonso<\/b>, en representaci\u00f3n de <b data-path-to-node=\"4\" data-index-in-node=\"52\">DS4M Mediterr\u00e1neo (Universitat de Val\u00e8ncia)<\/b>, particip\u00f3 ayer en el encuentro organizado por el <b data-path-to-node=\"4\" data-index-in-node=\"146\">CRED (Centro de Referencia de Espacios de Datos)<\/b>. La jornada se consolid\u00f3 como un punto de encuentro clave para la coordinaci\u00f3n y el impulso de los Espacios de Datos en Espa\u00f1a, abordando desde el marco normativo hasta casos de uso pr\u00e1cticos en sectores estrat\u00e9gicos.<\/p>\n<h2 data-path-to-node=\"5\">Apertura institucional y el nuevo \u00abKit Espacios de Datos\u00bb<\/h2>\n<p data-path-to-node=\"6\">La jornada comenz\u00f3 con la intervenci\u00f3n de <b data-path-to-node=\"6\" data-index-in-node=\"42\">\u00d3scar L\u00f3pez<\/b>, ministro para la Transformaci\u00f3n Digital y de la Funci\u00f3n P\u00fablica, quien destac\u00f3 la relevancia de estos ecosistemas en la econom\u00eda actual.<\/p>\n<p data-path-to-node=\"7\">Uno de los hitos del evento fue la presentaci\u00f3n del <b data-path-to-node=\"7\" data-index-in-node=\"52\">Kit Espacios de Datos<\/b>, una herramienta dise\u00f1ada para contextualizar y facilitar el desarrollo de iniciativas en este \u00e1mbito. Tras la presentaci\u00f3n, el espacio de networking permiti\u00f3 a los asistentes intercambiar experiencias y fortalecer alianzas entre universidades, administraciones y el sector privado.<\/p>\n<h2 data-path-to-node=\"8\">Mesa redonda: Perspectivas transversales y sectoriales<\/h2>\n<p data-path-to-node=\"9\">El debate central cont\u00f3 con una nutrida representaci\u00f3n de expertos que aportaron una visi\u00f3n multisectorial sobre el aprovechamiento del dato:<\/p>\n<ul data-path-to-node=\"10\">\n<li>\n<p data-path-to-node=\"10,0,0\"><b data-path-to-node=\"10,0,0\" data-index-in-node=\"0\">V\u00edctor Rodrigo Raya<\/b> (Red.es)<\/p>\n<\/li>\n<li>\n<p data-path-to-node=\"10,1,0\"><b data-path-to-node=\"10,1,0\" data-index-in-node=\"0\">M\u00aa Jos\u00e9 D\u00edaz L\u00f3pez<\/b> (datos.gob.es &#8211; Direcci\u00f3n General del Dato)<\/p>\n<\/li>\n<li>\n<p data-path-to-node=\"10,2,0\"><b data-path-to-node=\"10,2,0\" data-index-in-node=\"0\">Cl\u00e0udia Col\u00e0s Torres<\/b> (Proyecto AgrospAI &#8211; Universitat de Lleida)<\/p>\n<\/li>\n<li>\n<p data-path-to-node=\"10,3,0\"><b data-path-to-node=\"10,3,0\" data-index-in-node=\"0\">Rub\u00e9n E.<\/b> (Agro4Data)<\/p>\n<\/li>\n<\/ul>\n<p data-path-to-node=\"11\">Posteriormente, bajo la moderaci\u00f3n de <b data-path-to-node=\"11\" data-index-in-node=\"38\">Antonio Alcolea Mu\u00f1oz<\/b>, se desarroll\u00f3 una mesa espec\u00edfica sobre proyectos estrat\u00e9gicos nacionales. En esta sesi\u00f3n, el <b data-path-to-node=\"11\" data-index-in-node=\"155\">Prof. Dr. Francisco Alonso<\/b> comparti\u00f3 panel con destacados representantes de diversos \u00e1mbitos:<\/p>\n<table data-path-to-node=\"12\">\n<thead>\n<tr>\n<td><strong>Ponente<\/strong><\/td>\n<td><strong>Organizaci\u00f3n \/ Proyecto<\/strong><\/td>\n<\/tr>\n<\/thead>\n<tbody>\n<tr>\n<td><span data-path-to-node=\"12,1,0,0\"><b data-path-to-node=\"12,1,0,0\" data-index-in-node=\"0\">Cecilia Medina Mar\u00edn<\/b><\/span><\/td>\n<td><span data-path-to-node=\"12,1,1,0\">ESauto-X (SERNAUTO)<\/span><\/td>\n<\/tr>\n<tr>\n<td><span data-path-to-node=\"12,2,0,0\"><b data-path-to-node=\"12,2,0,0\" data-index-in-node=\"0\">Sergio Ramos<\/b><\/span><\/td>\n<td><span data-path-to-node=\"12,2,1,0\">Kordat Espacio de Datos (AIE Sociedad de Artistas)<\/span><\/td>\n<\/tr>\n<tr>\n<td><span data-path-to-node=\"12,3,0,0\"><b data-path-to-node=\"12,3,0,0\" data-index-in-node=\"0\">Anna Maria Gras<\/b><\/span><\/td>\n<td><span data-path-to-node=\"12,3,1,0\">Agrixels (UPC)<\/span><\/td>\n<\/tr>\n<tr>\n<td><span data-path-to-node=\"12,4,0,0\"><b data-path-to-node=\"12,4,0,0\" data-index-in-node=\"0\">Juan Pedro de Ruz Ortega<\/b><\/span><\/td>\n<td><span data-path-to-node=\"12,4,1,0\">Proyecto PIDA (Castilla-La Mancha)<\/span><\/td>\n<\/tr>\n<tr>\n<td><span data-path-to-node=\"12,5,0,0\"><b data-path-to-node=\"12,5,0,0\" data-index-in-node=\"0\">Laura Flores Iglesias<\/b><\/span><\/td>\n<td><span data-path-to-node=\"12,5,1,0\">Proyecto PIA (SEGITTUR)<\/span><\/td>\n<\/tr>\n<\/tbody>\n<\/table>\n<h2 data-path-to-node=\"13\">Clausura y compromiso con el futuro<\/h2>\n<p data-path-to-node=\"14\">La clausura corri\u00f3 a cargo de la ministra de Sanidad, <b data-path-to-node=\"14\" data-index-in-node=\"54\">M\u00f3nica Garc\u00eda<\/b>, cuya presencia subray\u00f3 la importancia transversal de los datos, especialmente en sectores cr\u00edticos como la salud p\u00fablica.<\/p>\n<p data-path-to-node=\"15\">Desde <b data-path-to-node=\"15\" data-index-in-node=\"6\">DS4M Mediterr\u00e1neo<\/b>, agradecemos al CRED la organizaci\u00f3n de este evento y reafirmamos nuestro compromiso de seguir contribuyendo activamente al di\u00e1logo y la colaboraci\u00f3n t\u00e9cnica en la construcci\u00f3n de los Espacios de Datos del futuro.<\/p>\n<hr data-path-to-node=\"16\" \/>\n<blockquote data-path-to-node=\"17\">\n<p data-path-to-node=\"17,0\"><b data-path-to-node=\"17,0\" data-index-in-node=\"0\">Vuelve a ver el evento:<\/b><\/p>\n<p data-path-to-node=\"17,0\">Puedes acceder a la intervenci\u00f3n completa del Prof. Dr. Francisco Alonso y al resto de la jornada en el canal oficial de YouTube del CRED a trav\u00e9s del siguiente enlace: <b data-path-to-node=\"17,0\" data-index-in-node=\"193\"><a class=\"ng-star-inserted\" href=\"https:\/\/lnkd.in\/eCBkBpY8\" target=\"_blank\" rel=\"noopener\" data-hveid=\"0\" data-ved=\"0CAAQ_4QMahcKEwiOp9rH_YCTAxUAAAAAHQAAAAAQSw\">Ver v\u00eddeo de la jornada<\/a><\/b><\/p>\n<\/blockquote>\n<\/div>\t\t\t\t\t\t\t\t<\/div>\n\t\t\t\t<\/div>\n\t\t\t\t\t<\/div>\n\t\t\t\t<\/div>\n\t\t\t\t<\/div>\n\t\t","protected":false},"excerpt":{"rendered":"<p>El Prof. Dr. Francisco Alonso representa a DS4M Mediterr\u00e1neo en la jornada estrat\u00e9gica del Centro de Referencia de Espacios de Datos (CRED) Publicado el 29 de enero de 2026 El evento, inaugurado por el ministro \u00d3scar L\u00f3pez y clausurado por la ministra M\u00f3nica Garc\u00eda, reuni\u00f3 a los principales actores nacionales para coordinar el avance de [&hellip;]<\/p>\n","protected":false},"author":1,"featured_media":0,"parent":0,"menu_order":0,"comment_status":"closed","ping_status":"closed","template":"","meta":{"footnotes":""},"class_list":["post-13213","page","type-page","status-publish","hentry"],"yoast_head":"<!-- This site is optimized with the Yoast SEO plugin v27.4 - https:\/\/yoast.com\/product\/yoast-seo-wordpress\/ -->\n<title>Francisco Alonso particip\u00f3 como representante de DS4M Mediterr\u00e1neo<\/title>\n<meta name=\"description\" content=\"El evento, inaugurado por el ministro \u00d3scar L\u00f3pez y clausurado por la ministra M\u00f3nica Garc\u00eda, reuni\u00f3 a los principales actores nacionales para coordinar el avance de los Espacios de Datos sectoriales.El Prof. Dr. Francisco Alonso, en representaci\u00f3n de DS4M Mediterr\u00e1neo (Universitat de Val\u00e8ncia), particip\u00f3 ayer en el encuentro organizado por el CRED (Centro de Referencia de Espacios de Datos). La jornada se consolid\u00f3 como un punto de encuentro clave para la coordinaci\u00f3n y el impulso de los Espacios de Datos en Espa\u00f1a, abordando desde el marco normativo hasta casos de uso pr\u00e1cticos en sectores estrat\u00e9gicos.\" \/>\n<meta name=\"robots\" content=\"index, follow, max-snippet:-1, max-image-preview:large, max-video-preview:-1\" \/>\n<link rel=\"canonical\" href=\"https:\/\/ds4mmed.uv.es\/index.php\/es\/ds4m-mediterraneo-participa-jornada-cred-espacios-datos\/\" \/>\n<meta property=\"og:locale\" content=\"es_ES\" \/>\n<meta property=\"og:type\" content=\"article\" \/>\n<meta property=\"og:title\" content=\"Francisco Alonso particip\u00f3 como representante de DS4M Mediterr\u00e1neo\" \/>\n<meta property=\"og:description\" content=\"El evento, inaugurado por el ministro \u00d3scar L\u00f3pez y clausurado por la ministra M\u00f3nica Garc\u00eda, reuni\u00f3 a los principales actores nacionales para coordinar el avance de los Espacios de Datos sectoriales.El Prof. Dr. Francisco Alonso, en representaci\u00f3n de DS4M Mediterr\u00e1neo (Universitat de Val\u00e8ncia), particip\u00f3 ayer en el encuentro organizado por el CRED (Centro de Referencia de Espacios de Datos). La jornada se consolid\u00f3 como un punto de encuentro clave para la coordinaci\u00f3n y el impulso de los Espacios de Datos en Espa\u00f1a, abordando desde el marco normativo hasta casos de uso pr\u00e1cticos en sectores estrat\u00e9gicos.\" \/>\n<meta property=\"og:url\" content=\"https:\/\/ds4mmed.uv.es\/index.php\/es\/ds4m-mediterraneo-participa-jornada-cred-espacios-datos\/\" \/>\n<meta property=\"og:site_name\" content=\"DS4M Mediterr\u00e1neo\" \/>\n<meta property=\"article:modified_time\" content=\"2026-03-02T10:28:47+00:00\" \/>\n<meta property=\"og:image\" content=\"https:\/\/ds4mmed.uv.es\/wp-content\/uploads\/2026\/03\/EventoCRED.jpg\" \/>\n<meta name=\"twitter:card\" content=\"summary_large_image\" \/>\n<meta name=\"twitter:label1\" content=\"Tiempo de lectura\" \/>\n\t<meta name=\"twitter:data1\" content=\"3 minutos\" \/>\n<script type=\"application\/ld+json\" class=\"yoast-schema-graph\">{\"@context\":\"https:\\\/\\\/schema.org\",\"@graph\":[{\"@type\":\"WebPage\",\"@id\":\"https:\\\/\\\/ds4mmed.uv.es\\\/index.php\\\/es\\\/ds4m-mediterraneo-participa-jornada-cred-espacios-datos\\\/\",\"url\":\"https:\\\/\\\/ds4mmed.uv.es\\\/index.php\\\/es\\\/ds4m-mediterraneo-participa-jornada-cred-espacios-datos\\\/\",\"name\":\"Francisco Alonso particip\u00f3 como representante de DS4M Mediterr\u00e1neo\",\"isPartOf\":{\"@id\":\"https:\\\/\\\/ds4mmed.uv.es\\\/#website\"},\"primaryImageOfPage\":{\"@id\":\"https:\\\/\\\/ds4mmed.uv.es\\\/index.php\\\/es\\\/ds4m-mediterraneo-participa-jornada-cred-espacios-datos\\\/#primaryimage\"},\"image\":{\"@id\":\"https:\\\/\\\/ds4mmed.uv.es\\\/index.php\\\/es\\\/ds4m-mediterraneo-participa-jornada-cred-espacios-datos\\\/#primaryimage\"},\"thumbnailUrl\":\"https:\\\/\\\/ds4mmed.uv.es\\\/wp-content\\\/uploads\\\/2026\\\/03\\\/EventoCRED.jpg\",\"datePublished\":\"2026-03-02T10:15:03+00:00\",\"dateModified\":\"2026-03-02T10:28:47+00:00\",\"description\":\"El evento, inaugurado por el ministro \u00d3scar L\u00f3pez y clausurado por la ministra M\u00f3nica Garc\u00eda, reuni\u00f3 a los principales actores nacionales para coordinar el avance de los Espacios de Datos sectoriales.El Prof. Dr. Francisco Alonso, en representaci\u00f3n de DS4M Mediterr\u00e1neo (Universitat de Val\u00e8ncia), particip\u00f3 ayer en el encuentro organizado por el CRED (Centro de Referencia de Espacios de Datos). La jornada se consolid\u00f3 como un punto de encuentro clave para la coordinaci\u00f3n y el impulso de los Espacios de Datos en Espa\u00f1a, abordando desde el marco normativo hasta casos de uso pr\u00e1cticos en sectores estrat\u00e9gicos.\",\"breadcrumb\":{\"@id\":\"https:\\\/\\\/ds4mmed.uv.es\\\/index.php\\\/es\\\/ds4m-mediterraneo-participa-jornada-cred-espacios-datos\\\/#breadcrumb\"},\"inLanguage\":\"es\",\"potentialAction\":[{\"@type\":\"ReadAction\",\"target\":[\"https:\\\/\\\/ds4mmed.uv.es\\\/index.php\\\/es\\\/ds4m-mediterraneo-participa-jornada-cred-espacios-datos\\\/\"]}]},{\"@type\":\"ImageObject\",\"inLanguage\":\"es\",\"@id\":\"https:\\\/\\\/ds4mmed.uv.es\\\/index.php\\\/es\\\/ds4m-mediterraneo-participa-jornada-cred-espacios-datos\\\/#primaryimage\",\"url\":\"https:\\\/\\\/ds4mmed.uv.es\\\/wp-content\\\/uploads\\\/2026\\\/03\\\/EventoCRED.jpg\",\"contentUrl\":\"https:\\\/\\\/ds4mmed.uv.es\\\/wp-content\\\/uploads\\\/2026\\\/03\\\/EventoCRED.jpg\",\"width\":2000,\"height\":900},{\"@type\":\"BreadcrumbList\",\"@id\":\"https:\\\/\\\/ds4mmed.uv.es\\\/index.php\\\/es\\\/ds4m-mediterraneo-participa-jornada-cred-espacios-datos\\\/#breadcrumb\",\"itemListElement\":[{\"@type\":\"ListItem\",\"position\":1,\"name\":\"Portada\",\"item\":\"https:\\\/\\\/ds4mmed.uv.es\\\/index.php\\\/es\\\/\"},{\"@type\":\"ListItem\",\"position\":2,\"name\":\"Noticia 34 &#8211; El Prof. Dr. Francisco Alonso representa a DS4M Mediterr\u00e1neo en la jornada estrat\u00e9gica del Centro de Referencia de Espacios de Datos (CRED)\"}]},{\"@type\":\"WebSite\",\"@id\":\"https:\\\/\\\/ds4mmed.uv.es\\\/#website\",\"url\":\"https:\\\/\\\/ds4mmed.uv.es\\\/\",\"name\":\"DS4M Mediterr\u00e1neo\",\"description\":\"\",\"publisher\":{\"@id\":\"https:\\\/\\\/ds4mmed.uv.es\\\/#organization\"},\"potentialAction\":[{\"@type\":\"SearchAction\",\"target\":{\"@type\":\"EntryPoint\",\"urlTemplate\":\"https:\\\/\\\/ds4mmed.uv.es\\\/?s={search_term_string}\"},\"query-input\":{\"@type\":\"PropertyValueSpecification\",\"valueRequired\":true,\"valueName\":\"search_term_string\"}}],\"inLanguage\":\"es\"},{\"@type\":\"Organization\",\"@id\":\"https:\\\/\\\/ds4mmed.uv.es\\\/#organization\",\"name\":\"DS4M Mediterr\u00e1neo\",\"url\":\"https:\\\/\\\/ds4mmed.uv.es\\\/\",\"logo\":{\"@type\":\"ImageObject\",\"inLanguage\":\"es\",\"@id\":\"https:\\\/\\\/ds4mmed.uv.es\\\/#\\\/schema\\\/logo\\\/image\\\/\",\"url\":\"https:\\\/\\\/ds4mmed.uv.es\\\/wp-content\\\/uploads\\\/2025\\\/07\\\/Logo-cambio-resolucion-scaled.png\",\"contentUrl\":\"https:\\\/\\\/ds4mmed.uv.es\\\/wp-content\\\/uploads\\\/2025\\\/07\\\/Logo-cambio-resolucion-scaled.png\",\"width\":2560,\"height\":980,\"caption\":\"DS4M Mediterr\u00e1neo\"},\"image\":{\"@id\":\"https:\\\/\\\/ds4mmed.uv.es\\\/#\\\/schema\\\/logo\\\/image\\\/\"}}]}<\/script>\n<!-- \/ Yoast SEO plugin. -->","yoast_head_json":{"title":"Francisco Alonso particip\u00f3 como representante de DS4M Mediterr\u00e1neo","description":"El evento, inaugurado por el ministro \u00d3scar L\u00f3pez y clausurado por la ministra M\u00f3nica Garc\u00eda, reuni\u00f3 a los principales actores nacionales para coordinar el avance de los Espacios de Datos sectoriales.El Prof. Dr. Francisco Alonso, en representaci\u00f3n de DS4M Mediterr\u00e1neo (Universitat de Val\u00e8ncia), particip\u00f3 ayer en el encuentro organizado por el CRED (Centro de Referencia de Espacios de Datos). La jornada se consolid\u00f3 como un punto de encuentro clave para la coordinaci\u00f3n y el impulso de los Espacios de Datos en Espa\u00f1a, abordando desde el marco normativo hasta casos de uso pr\u00e1cticos en sectores estrat\u00e9gicos.","robots":{"index":"index","follow":"follow","max-snippet":"max-snippet:-1","max-image-preview":"max-image-preview:large","max-video-preview":"max-video-preview:-1"},"canonical":"https:\/\/ds4mmed.uv.es\/index.php\/es\/ds4m-mediterraneo-participa-jornada-cred-espacios-datos\/","og_locale":"es_ES","og_type":"article","og_title":"Francisco Alonso particip\u00f3 como representante de DS4M Mediterr\u00e1neo","og_description":"El evento, inaugurado por el ministro \u00d3scar L\u00f3pez y clausurado por la ministra M\u00f3nica Garc\u00eda, reuni\u00f3 a los principales actores nacionales para coordinar el avance de los Espacios de Datos sectoriales.El Prof. Dr. Francisco Alonso, en representaci\u00f3n de DS4M Mediterr\u00e1neo (Universitat de Val\u00e8ncia), particip\u00f3 ayer en el encuentro organizado por el CRED (Centro de Referencia de Espacios de Datos). La jornada se consolid\u00f3 como un punto de encuentro clave para la coordinaci\u00f3n y el impulso de los Espacios de Datos en Espa\u00f1a, abordando desde el marco normativo hasta casos de uso pr\u00e1cticos en sectores estrat\u00e9gicos.","og_url":"https:\/\/ds4mmed.uv.es\/index.php\/es\/ds4m-mediterraneo-participa-jornada-cred-espacios-datos\/","og_site_name":"DS4M Mediterr\u00e1neo","article_modified_time":"2026-03-02T10:28:47+00:00","og_image":[{"url":"https:\/\/ds4mmed.uv.es\/wp-content\/uploads\/2026\/03\/EventoCRED.jpg","type":"","width":"","height":""}],"twitter_card":"summary_large_image","twitter_misc":{"Tiempo de lectura":"3 minutos"},"schema":{"@context":"https:\/\/schema.org","@graph":[{"@type":"WebPage","@id":"https:\/\/ds4mmed.uv.es\/index.php\/es\/ds4m-mediterraneo-participa-jornada-cred-espacios-datos\/","url":"https:\/\/ds4mmed.uv.es\/index.php\/es\/ds4m-mediterraneo-participa-jornada-cred-espacios-datos\/","name":"Francisco Alonso particip\u00f3 como representante de DS4M Mediterr\u00e1neo","isPartOf":{"@id":"https:\/\/ds4mmed.uv.es\/#website"},"primaryImageOfPage":{"@id":"https:\/\/ds4mmed.uv.es\/index.php\/es\/ds4m-mediterraneo-participa-jornada-cred-espacios-datos\/#primaryimage"},"image":{"@id":"https:\/\/ds4mmed.uv.es\/index.php\/es\/ds4m-mediterraneo-participa-jornada-cred-espacios-datos\/#primaryimage"},"thumbnailUrl":"https:\/\/ds4mmed.uv.es\/wp-content\/uploads\/2026\/03\/EventoCRED.jpg","datePublished":"2026-03-02T10:15:03+00:00","dateModified":"2026-03-02T10:28:47+00:00","description":"El evento, inaugurado por el ministro \u00d3scar L\u00f3pez y clausurado por la ministra M\u00f3nica Garc\u00eda, reuni\u00f3 a los principales actores nacionales para coordinar el avance de los Espacios de Datos sectoriales.El Prof. Dr. Francisco Alonso, en representaci\u00f3n de DS4M Mediterr\u00e1neo (Universitat de Val\u00e8ncia), particip\u00f3 ayer en el encuentro organizado por el CRED (Centro de Referencia de Espacios de Datos). La jornada se consolid\u00f3 como un punto de encuentro clave para la coordinaci\u00f3n y el impulso de los Espacios de Datos en Espa\u00f1a, abordando desde el marco normativo hasta casos de uso pr\u00e1cticos en sectores estrat\u00e9gicos.","breadcrumb":{"@id":"https:\/\/ds4mmed.uv.es\/index.php\/es\/ds4m-mediterraneo-participa-jornada-cred-espacios-datos\/#breadcrumb"},"inLanguage":"es","potentialAction":[{"@type":"ReadAction","target":["https:\/\/ds4mmed.uv.es\/index.php\/es\/ds4m-mediterraneo-participa-jornada-cred-espacios-datos\/"]}]},{"@type":"ImageObject","inLanguage":"es","@id":"https:\/\/ds4mmed.uv.es\/index.php\/es\/ds4m-mediterraneo-participa-jornada-cred-espacios-datos\/#primaryimage","url":"https:\/\/ds4mmed.uv.es\/wp-content\/uploads\/2026\/03\/EventoCRED.jpg","contentUrl":"https:\/\/ds4mmed.uv.es\/wp-content\/uploads\/2026\/03\/EventoCRED.jpg","width":2000,"height":900},{"@type":"BreadcrumbList","@id":"https:\/\/ds4mmed.uv.es\/index.php\/es\/ds4m-mediterraneo-participa-jornada-cred-espacios-datos\/#breadcrumb","itemListElement":[{"@type":"ListItem","position":1,"name":"Portada","item":"https:\/\/ds4mmed.uv.es\/index.php\/es\/"},{"@type":"ListItem","position":2,"name":"Noticia 34 &#8211; El Prof. Dr. Francisco Alonso representa a DS4M Mediterr\u00e1neo en la jornada estrat\u00e9gica del Centro de Referencia de Espacios de Datos (CRED)"}]},{"@type":"WebSite","@id":"https:\/\/ds4mmed.uv.es\/#website","url":"https:\/\/ds4mmed.uv.es\/","name":"DS4M Mediterr\u00e1neo","description":"","publisher":{"@id":"https:\/\/ds4mmed.uv.es\/#organization"},"potentialAction":[{"@type":"SearchAction","target":{"@type":"EntryPoint","urlTemplate":"https:\/\/ds4mmed.uv.es\/?s={search_term_string}"},"query-input":{"@type":"PropertyValueSpecification","valueRequired":true,"valueName":"search_term_string"}}],"inLanguage":"es"},{"@type":"Organization","@id":"https:\/\/ds4mmed.uv.es\/#organization","name":"DS4M Mediterr\u00e1neo","url":"https:\/\/ds4mmed.uv.es\/","logo":{"@type":"ImageObject","inLanguage":"es","@id":"https:\/\/ds4mmed.uv.es\/#\/schema\/logo\/image\/","url":"https:\/\/ds4mmed.uv.es\/wp-content\/uploads\/2025\/07\/Logo-cambio-resolucion-scaled.png","contentUrl":"https:\/\/ds4mmed.uv.es\/wp-content\/uploads\/2025\/07\/Logo-cambio-resolucion-scaled.png","width":2560,"height":980,"caption":"DS4M Mediterr\u00e1neo"},"image":{"@id":"https:\/\/ds4mmed.uv.es\/#\/schema\/logo\/image\/"}}]}},"_links":{"self":[{"href":"https:\/\/ds4mmed.uv.es\/index.php\/wp-json\/wp\/v2\/pages\/13213","targetHints":{"allow":["GET"]}}],"collection":[{"href":"https:\/\/ds4mmed.uv.es\/index.php\/wp-json\/wp\/v2\/pages"}],"about":[{"href":"https:\/\/ds4mmed.uv.es\/index.php\/wp-json\/wp\/v2\/types\/page"}],"author":[{"embeddable":true,"href":"https:\/\/ds4mmed.uv.es\/index.php\/wp-json\/wp\/v2\/users\/1"}],"replies":[{"embeddable":true,"href":"https:\/\/ds4mmed.uv.es\/index.php\/wp-json\/wp\/v2\/comments?post=13213"}],"version-history":[{"count":12,"href":"https:\/\/ds4mmed.uv.es\/index.php\/wp-json\/wp\/v2\/pages\/13213\/revisions"}],"predecessor-version":[{"id":13240,"href":"https:\/\/ds4mmed.uv.es\/index.php\/wp-json\/wp\/v2\/pages\/13213\/revisions\/13240"}],"wp:attachment":[{"href":"https:\/\/ds4mmed.uv.es\/index.php\/wp-json\/wp\/v2\/media?parent=13213"}],"curies":[{"name":"wp","href":"https:\/\/api.w.org\/{rel}","templated":true}]}}